{"id":2160,"date":"2025-11-22T09:41:03","date_gmt":"2025-11-22T08:41:03","guid":{"rendered":"https:\/\/www.asep.cat\/?page_id=2160"},"modified":"2026-04-29T19:31:27","modified_gmt":"2026-04-29T17:31:27","slug":"jugador-a-montanez-perez-francisco-jose","status":"publish","type":"page","link":"https:\/\/www.asep.cat\/index.php\/jugador-a-montanez-perez-francisco-jose\/","title":{"rendered":"Jugador\/a: Mont\u00e1\u00f1ez P\u00e9rez, Francisco Jos\u00e9"},"content":{"rendered":"\n<figure class=\"wp-block-image size-large\"><img decoding=\"async\" src=\"https:\/\/www.asep.cat\/wp-content\/uploads\/2025\/11\/Montanez-Perez-Francisco-Josee.jpg\" alt=\"\"\/><\/figure>\n\n\n\n<ul class=\"wp-block-list\">\n<li><strong>Llic\u00e8ncia:<\/strong> <a href=\"http:\/\/nova.pitch.cat\/handicap.php?lli=ACPP007898\">ACPP007898<\/a><\/li>\n\n\n\n<li><strong>Equip:<\/strong> Roc3 Apolo &#8211; Roc3 MP<\/li>\n\n\n\n<li><strong>Soci No:<\/strong> ASEP250807<\/li>\n<\/ul>\n\n\n\n<p><strong><em>Partits jugats aquesta temporada<\/em><\/strong><\/p>\n\n\n\n<ol class=\"wp-block-list\">\n<li>14\/10\/25 J3 SP Portal del Roc<\/li>\n\n\n\n<li>11\/11\/25 J4 SP Bellpuig<\/li>\n\n\n\n<li>16\/12\/25 J5 SP Roc3<\/li>\n\n\n\n<li>28\/01\/25 J3 MP Portal del Roc<\/li>\n\n\n\n<li>17\/02\/26 J4 MP El Vall\u00e8s<\/li>\n\n\n\n<li>03\/03\/26 J7 SP Costa Daurada<\/li>\n\n\n\n<li>17\/03\/26 J5 MP El Vendrell<\/li>\n\n\n\n<li>14\/04\/26 J8 SP Cambrils<\/li>\n\n\n\n<li>28\/04\/26 J6 MP Can Rafel<\/li>\n<\/ol>\n","protected":false},"excerpt":{"rendered":"<p>Partits jugats aquesta temporada<\/p>\n","protected":false},"author":1,"featured_media":0,"parent":0,"menu_order":0,"comment_status":"closed","ping_status":"closed","template":"","meta":{"footnotes":""},"c2tw_page_folder":[39,41],"class_list":["post-2160","page","type-page","status-publish","hentry","c2tw_page_folder-r3-a","c2tw_page_folder-r3-mp"],"_links":{"self":[{"href":"https:\/\/www.asep.cat\/index.php\/wp-json\/wp\/v2\/pages\/2160","targetHints":{"allow":["GET"]}}],"collection":[{"href":"https:\/\/www.asep.cat\/index.php\/wp-json\/wp\/v2\/pages"}],"about":[{"href":"https:\/\/www.asep.cat\/index.php\/wp-json\/wp\/v2\/types\/page"}],"author":[{"embeddable":true,"href":"https:\/\/www.asep.cat\/index.php\/wp-json\/wp\/v2\/users\/1"}],"replies":[{"embeddable":true,"href":"https:\/\/www.asep.cat\/index.php\/wp-json\/wp\/v2\/comments?post=2160"}],"version-history":[{"count":9,"href":"https:\/\/www.asep.cat\/index.php\/wp-json\/wp\/v2\/pages\/2160\/revisions"}],"predecessor-version":[{"id":16427,"href":"https:\/\/www.asep.cat\/index.php\/wp-json\/wp\/v2\/pages\/2160\/revisions\/16427"}],"wp:attachment":[{"href":"https:\/\/www.asep.cat\/index.php\/wp-json\/wp\/v2\/media?parent=2160"}],"wp:term":[{"taxonomy":"c2tw_page_folder","embeddable":true,"href":"https:\/\/www.asep.cat\/index.php\/wp-json\/wp\/v2\/c2tw_page_folder?post=2160"}],"curies":[{"name":"wp","href":"https:\/\/api.w.org\/{rel}","templated":true}]}}