{"id":19591,"date":"2026-08-16T08:44:35","date_gmt":"2026-08-16T06:44:35","guid":{"rendered":"https:\/\/www.asep.cat\/?page_id=19591"},"modified":"2026-08-17T09:37:12","modified_gmt":"2026-08-17T07:37:12","slug":"temporada-2022","status":"publish","type":"page","link":"https:\/\/www.asep.cat\/index.php\/temporada-2022\/","title":{"rendered":"Temporada 2022"},"content":{"rendered":"\n<h2 class=\"wp-block-heading\">Descripci\u00f3 de la temporada<\/h2>\n\n\n\n<p class=\"wp-block-paragraph\">I arribem a la quinzena temporada, el XV Intercamps SP, tot un repte aconseguit, si mirem enrere, el nostre cam\u00ed ha estat del tot menys tranquil, per\u00f2 malgrat tot, una idea sorgida fa ja 17 anys al club SEMAR i iniciada en els camps de \u201cPonent\u201d per en Lluis em fa 15, compl\u00edem la 15a temporada.<\/p>\n\n\n\n<p class=\"wp-block-paragraph\">Dels 8 equips inicials d\u2019aquell 2007, en quedem 6, amb canvis de nom, de seus i diverses vicissituds. Com an\u00e8cdota, d\u2019aquests 6 equips, sols Can Rafel en l\u2019Intercamps SP que sempre ha estat a primera divisi\u00f3.<\/p>\n\n\n\n<p class=\"wp-block-paragraph\">Ara ja en som 30 (n\u2019hi ha 1 que entre amb la temporada comen\u00e7ada)!! com heu vist en p\u00e0gines anteriors, hem hagut de fer un munt d\u2019adaptacions al creixement i millores en els reglaments, principalment dictades per l\u2019experi\u00e8ncia.<\/p>\n\n\n\n<p class=\"wp-block-paragraph\">Per el que fa a la temporada 2022, mantenim la car\u00e8ncia d\u2019any natural, no te sentit esperar-nos a setembre per comen\u00e7ar una nova temporada, aix\u00f2 si, mirem d\u2019acabar-la el mes aviat possible per poder comen\u00e7ar la propera, la 2022-23, abans d\u2019acabar l\u2019any i encara que sigui una mica atape\u00efda de partits, ens ajustarem per acabar-la al juny del 2023.<\/p>\n\n\n\n<p class=\"wp-block-paragraph\">Entre altres problemes, com que ens hem creuat amb els companys del SEMAR decidim donar per acabada la Divisi\u00f3 d\u2019Honor i tornar la formula antiga de l&#8217;Interzones, es a dir, un partit a fi de temporada entre els seus 4 millors equips de primera divisi\u00f3 i els nostres quatre, per\u00f2 aix\u00f2, en tot cas ja ser\u00e0 a la temporada 2022-23<\/p>\n\n\n\n<p class=\"wp-block-paragraph\">Entre tots quests desajustos, un altre competici\u00f3 que queda afectada es la Ryder que tamb\u00e9 l\u2019hem de passar a la propera temporada (2022\/23), en que les dues zones acabarem simult\u00e0niament.<\/p>\n\n\n\n<p class=\"wp-block-paragraph\">Per fer alguna cosa conjunta mes amb el companys del SEMAR, proposem participar a una nova competici\u00f3, que es dir\u00e0 Copa MP i cap equip s\u2019anima.<\/p>\n\n\n\n<h2 class=\"wp-block-heading\">XV Intercamps SP<\/h2>\n\n\n\n<p class=\"wp-block-paragraph\">Amb la tornada dels 4 equips, que participaven a la Divisi\u00f3 d\u2019Honor la temporada passada ja som 29, cosa que ens obliga a distribuir-nos en 4 divisions, la primera de 8 equips i les altres tres de 7 equips.<\/p>\n\n\n\n<p class=\"wp-block-paragraph\">Despr\u00e9s dels estranys del COVID, aquesta temporada hi van haver mes canvis:<\/p>\n\n\n\n<ul class=\"wp-block-list\">\n<li>Entra un nou equip del Golf Costa Daurada <\/li>\n\n\n\n<li>Entra un nou equips del M\u00falligan A Can Rafel<\/li>\n\n\n\n<li>Un nou equip, el Roc3 CAT<\/li>\n\n\n\n<li>Un altre nou equip, el Montju\u00efc Can Mascar\u00f3<\/li>\n\n\n\n<li>l&#8217;Orfe\u00f3 Catal\u00f2nia amb la temporada comen\u00e7ada<\/li>\n\n\n\n<li>Baixa del Lleida Ponent<\/li>\n\n\n\n<li>Baixa del Vilafortuny C.D.<\/li>\n\n\n\n<li>Baixa del Bon\u00c0rea C<\/li>\n<\/ul>\n\n\n\n<h4 class=\"wp-block-heading\">Al final, els equips del XV Intercamps SP han estat:<\/h4>\n\n\n\n<div class=\"wp-block-columns is-layout-flex wp-container-core-columns-is-layout-f56f613f wp-block-columns-is-layout-flex\">\n<div class=\"wp-block-column is-layout-flow wp-block-column-is-layout-flow\">\n<p class=\"wp-block-paragraph\">1a divisi\u00f3<\/p>\n\n\n\n<ol class=\"wp-block-list\">\n<li class=\"has-medium-font-size\">BON\u00c0REA A<\/li>\n\n\n\n<li class=\"has-medium-font-size\">CAMBRILS<\/li>\n\n\n\n<li class=\"has-medium-font-size\">CAN RAFEL PENEDES<\/li>\n\n\n\n<li class=\"has-medium-font-size\">CAN RAFEL SENIORS<\/li>\n\n\n\n<li class=\"has-medium-font-size\">COSTA DAURADA<\/li>\n\n\n\n<li class=\"has-medium-font-size\">MULLIGAN CAN MASCAR\u00d3<\/li>\n\n\n\n<li class=\"has-medium-font-size\">PORTAL DEL ROC<\/li>\n\n\n\n<li class=\"has-medium-font-size\">ROC 3 VERMELL<\/li>\n<\/ol>\n<\/div>\n\n\n\n<div class=\"wp-block-column is-layout-flow wp-block-column-is-layout-flow\">\n<p class=\"wp-block-paragraph\"><em>2a divisi\u00f3<\/em><\/p>\n\n\n\n<ol class=\"wp-block-list\">\n<li class=\"has-medium-font-size\">CAN CUYAS<\/li>\n\n\n\n<li class=\"has-medium-font-size\">CAN MASCARO A<\/li>\n\n\n\n<li class=\"has-medium-font-size\">EL VALLES A<\/li>\n\n\n\n<li class=\"has-medium-font-size\">MANRESA SAVA<\/li>\n\n\n\n<li class=\"has-medium-font-size\">ROC3 BLAU<\/li>\n\n\n\n<li class=\"has-medium-font-size\">ROC3 PROMESES<\/li>\n\n\n\n<li class=\"has-medium-font-size\">S\u00c8NIORS COSTA DAURADA<\/li>\n<\/ol>\n<\/div>\n<\/div>\n\n\n\n<div class=\"wp-block-columns is-layout-flex wp-container-core-columns-is-layout-f56f613f wp-block-columns-is-layout-flex\">\n<div class=\"wp-block-column is-layout-flow wp-block-column-is-layout-flow\">\n<p class=\"wp-block-paragraph\"><em>3a divisi\u00f3<\/em><\/p>\n\n\n\n<ol class=\"wp-block-list\">\n<li class=\"has-medium-font-size\">BELLPUIG<\/li>\n\n\n\n<li class=\"has-medium-font-size\">EL VALLES B<\/li>\n\n\n\n<li class=\"has-medium-font-size\">EL VENDRELL B<\/li>\n\n\n\n<li class=\"has-medium-font-size\">LLEIDA TORRE-SERONA<\/li>\n\n\n\n<li class=\"has-medium-font-size\">MULLIGAN CAN RAFEL<\/li>\n\n\n\n<li class=\"has-medium-font-size\">ROC3 CAT<\/li>\n\n\n\n<li class=\"has-medium-font-size\">SENIOR OLIMPICS<\/li>\n\n\n\n<li class=\"has-medium-font-size\">(ORFEO CATALONIA)<\/li>\n<\/ol>\n<\/div>\n\n\n\n<div class=\"wp-block-column is-layout-flow wp-block-column-is-layout-flow\">\n<p class=\"wp-block-paragraph\"><em>4a divisi\u00f3<\/em><\/p>\n\n\n\n<ol class=\"wp-block-list\">\n<li class=\"has-medium-font-size\">BON\u00c0REA B<\/li>\n\n\n\n<li class=\"has-medium-font-size\">CAN MASCAR\u00f3 B<\/li>\n\n\n\n<li class=\"has-medium-font-size\">EL VENDRELL A<\/li>\n\n\n\n<li class=\"has-medium-font-size\">MONTJU\u00efC CAN MASCAR\u00d3<\/li>\n\n\n\n<li class=\"has-medium-font-size\">P&amp;P BAGES<\/li>\n\n\n\n<li class=\"has-medium-font-size\">TARRACO P&amp;P CAMBRILS<\/li>\n\n\n\n<li class=\"has-medium-font-size\">VOLA BOLA CAN CUYAS<\/li>\n<\/ol>\n<\/div>\n<\/div>\n\n\n\n<h2 class=\"wp-block-heading\">VII Intercamps MP<\/h2>\n\n\n\n<p class=\"wp-block-paragraph\">Amb la tornada dels equips que la temporada passada van decidir no participar i que ara es reincorporaven, enguany el MP guanya 2 equips i en serem <\/p>\n\n\n\n<h4 class=\"wp-block-heading\">Els equips del VI Intercamps Oest MP van ser:<\/h4>\n\n\n\n<div class=\"wp-block-columns is-layout-flex wp-container-core-columns-is-layout-f56f613f wp-block-columns-is-layout-flex\">\n<div class=\"wp-block-column is-layout-flow wp-block-column-is-layout-flow\">\n<p class=\"wp-block-paragraph\">1a divisi\u00f3<\/p>\n\n\n\n<ol class=\"wp-block-list\">\n<li>Can Rafel<\/li>\n\n\n\n<li>El Vall\u00e8s A<\/li>\n\n\n\n<li>Manresa SAVA<\/li>\n\n\n\n<li>Can Rafel Pened\u00e8s<\/li>\n\n\n\n<li>Portal del Roc<\/li>\n\n\n\n<li>M\u00falligan Can Mascar\u00f3<\/li>\n\n\n\n<li>Can Cuy\u00e0s<\/li>\n<\/ol>\n<\/div>\n\n\n\n<div class=\"wp-block-column is-layout-flow wp-block-column-is-layout-flow\">\n<p class=\"wp-block-paragraph\">2a divisi\u00f3<\/p>\n\n\n\n<ol class=\"wp-block-list\">\n<li>Bellpuig<\/li>\n\n\n\n<li>Roc3 MP<\/li>\n\n\n\n<li>Roc3 Promeses<\/li>\n\n\n\n<li>M\u00falligan Can Rafel<\/li>\n\n\n\n<li>P&amp;P Bages<\/li>\n\n\n\n<li>Can Mascar\u00f3 A<\/li>\n<\/ol>\n<\/div>\n<\/div>\n\n\n\n<p class=\"wp-block-paragraph\">3a divisi\u00f3<\/p>\n\n\n\n<ol class=\"wp-block-list\">\n<li>El Vall\u00e8s B<\/li>\n\n\n\n<li>Vola Bola Can Cuy\u00e0s<\/li>\n\n\n\n<li>Can Mascar\u00f3 B<\/li>\n\n\n\n<li>Tarraco P&amp;P Cambrils<\/li>\n\n\n\n<li>S\u00e8nior Ol\u00edmpic<\/li>\n\n\n\n<li>Lleida Torre-serona<\/li>\n<\/ol>\n\n\n\n<h2 class=\"wp-block-heading\">Interzones i Ryder<\/h2>\n\n\n\n<p class=\"wp-block-paragraph\">Aquesta temporada continuem patint els desajustos de la temporada del COVID, nosaltres estem fent temporades amb car\u00e8ncia anual i els companys del SEMAR han tornat a adaptar-se a la car\u00e8ncia de la temporada \u201cescolar\u201d es a dir de setembre a juny del any seg\u00fcent, aix\u00ed que no trobem dates comunes per poder portar a terme aquestes competicions i decidim no fer-les i esperar a la propera temporada en que nosaltres mirarem de tornar a deixar la temporada anual i tornar a la cl\u00e0ssica de sempre<\/p>\n\n\n\n<h4 class=\"wp-block-heading\"><em>Resultats i fotografies:<\/em><\/h4>\n\n\n\n<ul class=\"wp-block-list\">\n<li>A&nbsp; la pestanya \u201cEl que ja hem fet\u201d consultar \u201cHist\u00f2ric de resultats\u201d<\/li>\n\n\n\n<li>Les fotografies de la temporada les podeu veure clicant <a href=\"https:\/\/www.asep.cat\/index.php\/2025\/12\/27\/temporada-2022\/\">aqu\u00ed<\/a>.<\/li>\n<\/ul>\n\n\n\n<h4 class=\"wp-block-heading\">Algunes imatges<\/h4>\n\n\n\n<h5 class=\"wp-block-heading\">XV Intercamps SP<\/h5>\n","protected":false},"excerpt":{"rendered":"<p>Descripci\u00f3 de la temporada I arribem a la quinzena temporada, el XV Intercamps SP, tot un repte aconseguit, si mirem enrere, el nostre cam\u00ed ha estat del tot menys tranquil, per\u00f2 malgrat tot, una idea sorgida fa ja 17 anys al club SEMAR i iniciada en els camps de \u201cPonent\u201d per en Lluis em fa [&hellip;]<\/p>\n","protected":false},"author":5,"featured_media":0,"parent":0,"menu_order":0,"comment_status":"closed","ping_status":"closed","template":"","meta":{"footnotes":""},"c2tw_page_folder":[137],"class_list":["post-19591","page","type-page","status-publish","hentry","c2tw_page_folder-un-cop-dull-al-passat"],"_links":{"self":[{"href":"https:\/\/www.asep.cat\/index.php\/wp-json\/wp\/v2\/pages\/19591","targetHints":{"allow":["GET"]}}],"collection":[{"href":"https:\/\/www.asep.cat\/index.php\/wp-json\/wp\/v2\/pages"}],"about":[{"href":"https:\/\/www.asep.cat\/index.php\/wp-json\/wp\/v2\/types\/page"}],"author":[{"embeddable":true,"href":"https:\/\/www.asep.cat\/index.php\/wp-json\/wp\/v2\/users\/5"}],"replies":[{"embeddable":true,"href":"https:\/\/www.asep.cat\/index.php\/wp-json\/wp\/v2\/comments?post=19591"}],"version-history":[{"count":6,"href":"https:\/\/www.asep.cat\/index.php\/wp-json\/wp\/v2\/pages\/19591\/revisions"}],"predecessor-version":[{"id":19646,"href":"https:\/\/www.asep.cat\/index.php\/wp-json\/wp\/v2\/pages\/19591\/revisions\/19646"}],"wp:attachment":[{"href":"https:\/\/www.asep.cat\/index.php\/wp-json\/wp\/v2\/media?parent=19591"}],"wp:term":[{"taxonomy":"c2tw_page_folder","embeddable":true,"href":"https:\/\/www.asep.cat\/index.php\/wp-json\/wp\/v2\/c2tw_page_folder?post=19591"}],"curies":[{"name":"wp","href":"https:\/\/api.w.org\/{rel}","templated":true}]}}

<h2 class="wp-block-heading">Descripció de la temporada</h2>



<p class="wp-block-paragraph">I arribem a la quinzena temporada, el XV Intercamps SP, tot un repte aconseguit, si mirem enrere, el nostre camí ha estat del tot menys tranquil, però malgrat tot, una idea sorgida fa ja 17 anys al club SEMAR i iniciada en els camps de “Ponent” per en Lluis em fa 15, complíem la 15a temporada.</p>



<p class="wp-block-paragraph">Dels 8 equips inicials d’aquell 2007, en quedem 6, amb canvis de nom, de seus i diverses vicissituds. Com anècdota, d’aquests 6 equips, sols Can Rafel en l’Intercamps SP que sempre ha estat a primera divisió.</p>



<p class="wp-block-paragraph">Ara ja en som 30 (n’hi ha 1 que entre amb la temporada començada)!! com heu vist en pàgines anteriors, hem hagut de fer un munt d’adaptacions al creixement i millores en els reglaments, principalment dictades per l’experiència.</p>



<p class="wp-block-paragraph">Per el que fa a la temporada 2022, mantenim la carència d’any natural, no te sentit esperar-nos a setembre per començar una nova temporada, això si, mirem d’acabar-la el mes aviat possible per poder començar la propera, la 2022-23, abans d’acabar l’any i encara que sigui una mica atapeïda de partits, ens ajustarem per acabar-la al juny del 2023.</p>



<p class="wp-block-paragraph">Entre altres problemes, com que ens hem creuat amb els companys del SEMAR decidim donar per acabada la Divisió d’Honor i tornar la formula antiga de l&#8217;Interzones, es a dir, un partit a fi de temporada entre els seus 4 millors equips de primera divisió i els nostres quatre, però això, en tot cas ja serà a la temporada 2022-23</p>



<p class="wp-block-paragraph">Entre tots quests desajustos, un altre competició que queda afectada es la Ryder que també l’hem de passar a la propera temporada (2022/23), en que les dues zones acabarem simultàniament.</p>



<p class="wp-block-paragraph">Per fer alguna cosa conjunta mes amb el companys del SEMAR, proposem participar a una nova competició, que es dirà Copa MP i cap equip s’anima.</p>



<h2 class="wp-block-heading">XV Intercamps SP</h2>



<p class="wp-block-paragraph">Amb la tornada dels 4 equips, que participaven a la Divisió d’Honor la temporada passada ja som 29, cosa que ens obliga a distribuir-nos en 4 divisions, la primera de 8 equips i les altres tres de 7 equips.</p>



<p class="wp-block-paragraph">Després dels estranys del COVID, aquesta temporada hi van haver mes canvis:</p>



<ul class="wp-block-list">
<li>Entra un nou equip del Golf Costa Daurada </li>



<li>Entra un nou equips del Múlligan A Can Rafel</li>



<li>Un nou equip, el Roc3 CAT</li>



<li>Un altre nou equip, el Montjuïc Can Mascaró</li>



<li>l&#8217;Orfeó Catalònia amb la temporada començada</li>



<li>Baixa del Lleida Ponent</li>



<li>Baixa del Vilafortuny C.D.</li>



<li>Baixa del BonÀrea C</li>
</ul>



<h4 class="wp-block-heading">Al final, els equips del XV Intercamps SP han estat:</h4>



<div class="wp-block-columns is-layout-flex wp-container-core-columns-is-layout-f56f613f wp-block-columns-is-layout-flex">
<div class="wp-block-column is-layout-flow wp-block-column-is-layout-flow">
<p class="wp-block-paragraph">1a divisió</p>



<ol class="wp-block-list">
<li class="has-medium-font-size">BONÀREA A</li>



<li class="has-medium-font-size">CAMBRILS</li>



<li class="has-medium-font-size">CAN RAFEL PENEDES</li>



<li class="has-medium-font-size">CAN RAFEL SENIORS</li>



<li class="has-medium-font-size">COSTA DAURADA</li>



<li class="has-medium-font-size">MULLIGAN CAN MASCARÓ</li>



<li class="has-medium-font-size">PORTAL DEL ROC</li>



<li class="has-medium-font-size">ROC 3 VERMELL</li>
</ol>
</div>



<div class="wp-block-column is-layout-flow wp-block-column-is-layout-flow">
<p class="wp-block-paragraph"><em>2a divisió</em></p>



<ol class="wp-block-list">
<li class="has-medium-font-size">CAN CUYAS</li>



<li class="has-medium-font-size">CAN MASCARO A</li>



<li class="has-medium-font-size">EL VALLES A</li>



<li class="has-medium-font-size">MANRESA SAVA</li>



<li class="has-medium-font-size">ROC3 BLAU</li>



<li class="has-medium-font-size">ROC3 PROMESES</li>



<li class="has-medium-font-size">SÈNIORS COSTA DAURADA</li>
</ol>
</div>
</div>



<div class="wp-block-columns is-layout-flex wp-container-core-columns-is-layout-f56f613f wp-block-columns-is-layout-flex">
<div class="wp-block-column is-layout-flow wp-block-column-is-layout-flow">
<p class="wp-block-paragraph"><em>3a divisió</em></p>



<ol class="wp-block-list">
<li class="has-medium-font-size">BELLPUIG</li>



<li class="has-medium-font-size">EL VALLES B</li>



<li class="has-medium-font-size">EL VENDRELL B</li>



<li class="has-medium-font-size">LLEIDA TORRE-SERONA</li>



<li class="has-medium-font-size">MULLIGAN CAN RAFEL</li>



<li class="has-medium-font-size">ROC3 CAT</li>



<li class="has-medium-font-size">SENIOR OLIMPICS</li>



<li class="has-medium-font-size">(ORFEO CATALONIA)</li>
</ol>
</div>



<div class="wp-block-column is-layout-flow wp-block-column-is-layout-flow">
<p class="wp-block-paragraph"><em>4a divisió</em></p>



<ol class="wp-block-list">
<li class="has-medium-font-size">BONÀREA B</li>



<li class="has-medium-font-size">CAN MASCARó B</li>



<li class="has-medium-font-size">EL VENDRELL A</li>



<li class="has-medium-font-size">MONTJUïC CAN MASCARÓ</li>



<li class="has-medium-font-size">P&amp;P BAGES</li>



<li class="has-medium-font-size">TARRACO P&amp;P CAMBRILS</li>



<li class="has-medium-font-size">VOLA BOLA CAN CUYAS</li>
</ol>
</div>
</div>



<h2 class="wp-block-heading">VII Intercamps MP</h2>



<p class="wp-block-paragraph">Amb la tornada dels equips que la temporada passada van decidir no participar i que ara es reincorporaven, enguany el MP guanya 2 equips i en serem </p>



<h4 class="wp-block-heading">Els equips del VI Intercamps Oest MP van ser:</h4>



<div class="wp-block-columns is-layout-flex wp-container-core-columns-is-layout-f56f613f wp-block-columns-is-layout-flex">
<div class="wp-block-column is-layout-flow wp-block-column-is-layout-flow">
<p class="wp-block-paragraph">1a divisió</p>



<ol class="wp-block-list">
<li>Can Rafel</li>



<li>El Vallès A</li>



<li>Manresa SAVA</li>



<li>Can Rafel Penedès</li>



<li>Portal del Roc</li>



<li>Múlligan Can Mascaró</li>



<li>Can Cuyàs</li>
</ol>
</div>



<div class="wp-block-column is-layout-flow wp-block-column-is-layout-flow">
<p class="wp-block-paragraph">2a divisió</p>



<ol class="wp-block-list">
<li>Bellpuig</li>



<li>Roc3 MP</li>



<li>Roc3 Promeses</li>



<li>Múlligan Can Rafel</li>



<li>P&amp;P Bages</li>



<li>Can Mascaró A</li>
</ol>
</div>
</div>



<p class="wp-block-paragraph">3a divisió</p>



<ol class="wp-block-list">
<li>El Vallès B</li>



<li>Vola Bola Can Cuyàs</li>



<li>Can Mascaró B</li>



<li>Tarraco P&amp;P Cambrils</li>



<li>Sènior Olímpic</li>



<li>Lleida Torre-serona</li>
</ol>



<h2 class="wp-block-heading">Interzones i Ryder</h2>



<p class="wp-block-paragraph">Aquesta temporada continuem patint els desajustos de la temporada del COVID, nosaltres estem fent temporades amb carència anual i els companys del SEMAR han tornat a adaptar-se a la carència de la temporada “escolar” es a dir de setembre a juny del any següent, així que no trobem dates comunes per poder portar a terme aquestes competicions i decidim no fer-les i esperar a la propera temporada en que nosaltres mirarem de tornar a deixar la temporada anual i tornar a la clàssica de sempre</p>



<h4 class="wp-block-heading"><em>Resultats i fotografies:</em></h4>



<ul class="wp-block-list">
<li>A&nbsp; la pestanya “El que ja hem fet” consultar “Històric de resultats”</li>



<li>Les fotografies de la temporada les podeu veure clicant <a href="https://www.asep.cat/index.php/2025/12/27/temporada-2022/">aquí</a>.</li>
</ul>



<h4 class="wp-block-heading">Algunes imatges</h4>



<h5 class="wp-block-heading">XV Intercamps SP</h5>

<p>Descripció de la temporada I arribem a la quinzena temporada, el XV Intercamps SP, tot un repte aconseguit, si mirem enrere, el nostre camí ha estat del tot menys tranquil, però malgrat tot, una idea sorgida fa ja 17 anys al club SEMAR i iniciada en els camps de “Ponent” per en Lluis em fa [&hellip;]</p>
