{"id":19500,"date":"2026-08-11T17:05:08","date_gmt":"2026-08-11T15:05:08","guid":{"rendered":"https:\/\/www.asep.cat\/?page_id=19500"},"modified":"2026-08-16T17:37:13","modified_gmt":"2026-08-16T15:37:13","slug":"temporada-2017-18","status":"publish","type":"page","link":"https:\/\/www.asep.cat\/index.php\/temporada-2017-18\/","title":{"rendered":"Temporada 2017\/18"},"content":{"rendered":"\n<h2 class=\"wp-block-heading\">Descripci\u00f3 de la temporada<\/h2>\n\n\n\n<p class=\"wp-block-paragraph\">Ja fa 10 anys que vam comen\u00e7ar aquesta aventura, les coses han canviat bastant, queda poc d\u2019aquella \u00e8poca, per\u00f2 dels 8 equips del inici, excepte Lleida A, encara hi som tots, molts hem canviat de nom o s\u2019han hagut de desdoblar dins del mateix camp, per encabir a mes companys que volien participar.<\/p>\n\n\n\n<p class=\"wp-block-paragraph\">El sistema de classificacions, els ordre de sortides, la publicaci\u00f3 de resultats ja ho tenim a la web de la Federaci\u00f3, tot aix\u00f2 ja es cosa d\u2019ells i es una gran ajuda per seguir amb els nostres Intercamps, que ja no tenen inconvenients per continuar creixen.<\/p>\n\n\n\n<p class=\"wp-block-paragraph\">Per el que fa als reglaments pocs canvis necessiten, en tot cas, son petits ajustos, com que, vam veure que era millor deixar de donar un lot per jugador i decidim lliurar un pernil per equip, independentment dels que es guanyin per les proves, aix\u00f2 propiciava millor la cohesi\u00f3 del equips i ens tr\u00e8iem de sobre demanar lots per els jugadors que sobrepassaven els 8 \u201coficials\u201d de cada equip<\/p>\n\n\n\n<p class=\"wp-block-paragraph\">Resolt tot aix\u00f2, els esfor\u00e7os del Comit\u00e8 de S\u00e8niors els centrem en dissenyar noves competicions on incrementem la participaci\u00f3, al final decidim la continu\u00eftat de la Copa MP per equips de la temporada passada, aquests any en un camp nostre, ho proposem a Can Mascar\u00f3 i accepten encantats, aix\u00ed dons la segona edici\u00f3 d\u2019aquesta competici\u00f3 la organitzem nosaltres.<\/p>\n\n\n\n<h2 class=\"wp-block-heading\">XI Intercamps SP<\/h2>\n\n\n\n<p class=\"wp-block-paragraph\">Tornant als Intercamps, cap el final del descans estival, quan ja ten\u00edem la temporada preparada, tres equips nous van demanar participar en el Intercamps SP, aix\u00f2 ens va agafar una mica a contra peu i els vam afegir a les divisions segona i tercera, amb la idea de regularitzar-ho la propera i la cosa va quedar aix\u00ed:<\/p>\n\n\n\n<p class=\"wp-block-paragraph\">Els equips nous vans se:<\/p>\n\n\n\n<ul class=\"wp-block-list\">\n<li class=\"has-medium-font-size\">LUMINE GOLF CAMBRILS<\/li>\n\n\n\n<li class=\"has-medium-font-size\">CAN MASCAR\u00d3 B<\/li>\n\n\n\n<li class=\"has-medium-font-size\">VOLA BOLA CAN CUYAS<\/li>\n<\/ul>\n\n\n\n<h4 class=\"wp-block-heading\">Els equips del XI Intercamps Oest SP van ser:<\/h4>\n\n\n\n<div class=\"wp-block-columns is-layout-flex wp-container-core-columns-is-layout-f56f613f wp-block-columns-is-layout-flex\">\n<div class=\"wp-block-column is-layout-flow wp-block-column-is-layout-flow\">\n<p class=\"wp-block-paragraph\"><em>1a divisi\u00f3<\/em><\/p>\n\n\n\n<ol class=\"wp-block-list\">\n<li class=\"has-medium-font-size\">BON\u00c0REA A<\/li>\n\n\n\n<li class=\"has-medium-font-size\">CAMBRILS<\/li>\n\n\n\n<li class=\"has-medium-font-size\">CAN RAFEL S\u00c8NIORS<\/li>\n\n\n\n<li class=\"has-medium-font-size\">COSTA DAURADA P&amp;P LA FIGUEROLA<\/li>\n\n\n\n<li class=\"has-medium-font-size\">EL VALLES A<\/li>\n\n\n\n<li class=\"has-medium-font-size\">ROC 3 BLAU<\/li>\n\n\n\n<li class=\"has-medium-font-size\">ROC 3 VERMELL<\/li>\n<\/ol>\n<\/div>\n\n\n\n<div class=\"wp-block-column is-layout-flow wp-block-column-is-layout-flow\">\n<p class=\"wp-block-paragraph\"><em>2a divisi\u00f3<\/em><\/p>\n\n\n\n<ol class=\"wp-block-list\">\n<li class=\"has-medium-font-size\">BELLPUIG<\/li>\n\n\n\n<li class=\"has-medium-font-size\">CAN MASCARO A<\/li>\n\n\n\n<li class=\"has-medium-font-size\">CAN RAFEL PENED\u00c8S<\/li>\n\n\n\n<li class=\"has-medium-font-size\">LLEIDA PONENT<\/li>\n\n\n\n<li class=\"has-medium-font-size\">MANRESA SAVA&nbsp;&nbsp;&nbsp;&nbsp;&nbsp;&nbsp;&nbsp;&nbsp;&nbsp;&nbsp;&nbsp;&nbsp;<\/li>\n\n\n\n<li class=\"has-medium-font-size\">PORTAL DEL ROC<\/li>\n\n\n\n<li class=\"has-medium-font-size\">S\u00c9NIORS CAN CUYAS<\/li>\n\n\n\n<li class=\"has-medium-font-size\">S. VILAFORTUNY C.<\/li>\n\n\n\n<li class=\"has-medium-font-size\">LUMINE GOLF CAMBRILS<\/li>\n<\/ol>\n<\/div>\n<\/div>\n\n\n\n<p class=\"wp-block-paragraph\"><em>3A divisi\u00f3<\/em><\/p>\n\n\n\n<ol class=\"wp-block-list\">\n<li class=\"has-medium-font-size\">BON\u00c0REA B<\/li>\n\n\n\n<li class=\"has-medium-font-size\">BON\u00c0REA C<\/li>\n\n\n\n<li class=\"has-medium-font-size\">CAN MASCAR\u00d3 B<\/li>\n\n\n\n<li class=\"has-medium-font-size\">EL VALLES B<\/li>\n\n\n\n<li class=\"has-medium-font-size\">EL VENDRELL A<\/li>\n\n\n\n<li class=\"has-medium-font-size\">EL VENDRELL B<\/li>\n\n\n\n<li class=\"has-medium-font-size\">S\u00c8NIORS SANT JAUME<\/li>\n\n\n\n<li class=\"has-medium-font-size\">VOLA BOLA CAN CUYAS<\/li>\n<\/ol>\n\n\n\n<h2 class=\"wp-block-heading\">XI Interzones<\/h2>\n\n\n\n<p class=\"wp-block-paragraph\">Novament l\u2019Interzones torna a la nostra zona i el camp que escollim es novament el del Roc 3 que es qui ha guanyat la Fase Regular i per tant te mes n\u00fameros per al\u00e7ar-se amb la vict\u00f2ria, i aix\u00ed es, enguany, el guanyador d\u2019aquesta XI Interzones es:<\/p>\n\n\n\n<h4 class=\"wp-block-heading has-text-align-center\"><strong>Roc3 Vermell<\/strong><\/h4>\n\n\n\n<h2 class=\"wp-block-heading\">III Intercamps MP<\/h2>\n\n\n\n<p class=\"wp-block-paragraph\">En l\u2019Intercamps MP, la temporada passada l\u2019hav\u00edem tirat endavant amb tres divisions de 5 equips i ens va semblar poc, va ser una mica \u201cvista i no vista\u201d, aquest any, com que serem 16 equips, provarem com ens va amb dues divisions de 8 equips.<\/p>\n\n\n\n<h4 class=\"wp-block-heading\">Els equips del III Intercamps Oest MP van ser:<\/h4>\n\n\n\n<div class=\"wp-block-columns is-layout-flex wp-container-core-columns-is-layout-f56f613f wp-block-columns-is-layout-flex\">\n<div class=\"wp-block-column is-layout-flow wp-block-column-is-layout-flow\">\n<p class=\"wp-block-paragraph\"><em>1a divisi\u00f3<\/em><\/p>\n\n\n\n<ol class=\"wp-block-list\">\n<li class=\"has-medium-font-size\">BELLPUIG<\/li>\n\n\n\n<li class=\"has-medium-font-size\">BON\u00c0REA A<\/li>\n\n\n\n<li class=\"has-medium-font-size\">CAN RAFEL SENIORS<\/li>\n\n\n\n<li class=\"has-medium-font-size\">EL VALLES A<\/li>\n\n\n\n<li class=\"has-medium-font-size\">MANRESA SAVA<\/li>\n\n\n\n<li class=\"has-medium-font-size\">PORTAL DEL ROC<\/li>\n\n\n\n<li class=\"has-medium-font-size\">ROC 3 VERMELL<\/li>\n\n\n\n<li class=\"has-medium-font-size\">ROC 3 BLAU<\/li>\n<\/ol>\n<\/div>\n\n\n\n<div class=\"wp-block-column is-layout-flow wp-block-column-is-layout-flow\">\n<p class=\"wp-block-paragraph\"><em>2a divisi\u00f3<\/em><\/p>\n\n\n\n<ol class=\"wp-block-list\">\n<li class=\"has-medium-font-size\">BON\u00c0REA B<\/li>\n\n\n\n<li class=\"has-medium-font-size\">CAN CUYAS<\/li>\n\n\n\n<li class=\"has-medium-font-size\">CAN MASCARO A<\/li>\n\n\n\n<li class=\"has-medium-font-size\">CAN MASCARO B<\/li>\n\n\n\n<li class=\"has-medium-font-size\">CAN RAFEL PENEDES<\/li>\n\n\n\n<li class=\"has-medium-font-size\">EL VALLES B<\/li>\n\n\n\n<li class=\"has-medium-font-size\">SANT JAUME<\/li>\n\n\n\n<li class=\"has-medium-font-size\">BON\u00c0REA C<\/li>\n<\/ol>\n<\/div>\n<\/div>\n\n\n\n<h2 class=\"wp-block-heading\">IX Ryder ASEP vs SEMAR<\/h2>\n\n\n\n<p class=\"wp-block-paragraph\">Amb la Ryder nosaltres anem en especial cura de no repetir camp i enguany, d\u2019entre els millors que queden per jugar, tenint en compte les instal\u00b7lacions i la qualitat dels jugadors locals, prenem la decisi\u00f3 d\u2019escollir Bon\u00c0rea.<\/p>\n\n\n\n<p class=\"wp-block-paragraph\">El capit\u00e0 local, l\u2019Ignasi Riera es fa c\u00e0rrec d\u2019escollir l\u2019equip. Tot be fins el partit, en que per primera vegada, els d\u2019ASEP jugant a casa perdem!!!<\/p>\n\n\n\n<p class=\"wp-block-paragraph\">Aix\u00ed que el guanyador d\u2019aquesta edici\u00f3 va se l\u2019equip del:<\/p>\n\n\n\n<h4 class=\"wp-block-heading has-text-align-center\"><strong>SEMAR<\/strong><\/h4>\n\n\n\n<p class=\"wp-block-paragraph\">No cal dir que significa aix\u00f2, estem a un partit de perdre la copa, que hav\u00edem guanyat la temporada passada, si la temporada que ve perdem a casa seva, empataran amb nosaltres amb la propietat de la copa.<\/p>\n\n\n\n<h2 class=\"wp-block-heading\">II Copa MatchPlay Equips S\u00e8niors<\/h2>\n\n\n\n<p class=\"wp-block-paragraph\">Com hem dit, es fa a Can Mascar\u00f3.<\/p>\n\n\n\n<p class=\"wp-block-paragraph\">Tal i com estava previst, la competici\u00f3 es amb 4 equips i dos jornades.<\/p>\n\n\n\n<p class=\"wp-block-paragraph\">Hi participen dos equips de l\u2019Est i dos del Oest, i els premis com l\u2019any passat van ser 300\u20ac per el campi\u00f3, 200\u20ac per el segon classificat i 100\u20ac per el tercer, el resultat final va ser:<\/p>\n\n\n\n<ul class=\"wp-block-list\">\n<li class=\"has-medium-font-size\">Can Mascar\u00f3 A<\/li>\n\n\n\n<li class=\"has-medium-font-size\">HCP1 SEMAR<\/li>\n\n\n\n<li class=\"has-medium-font-size\">Bon\u00c0rea A<\/li>\n\n\n\n<li class=\"has-medium-font-size\">Sant Cebri\u00e0 A<\/li>\n<\/ul>\n\n\n\n<p class=\"wp-block-paragraph\">Sant Cebri\u00e0 va ser l\u2019\u00fanic que no va tenir premi, la resta poc o molt, van poder comprar alguna cosa a la tenda del mateix Can Mascar\u00f3.<\/p>\n\n\n\n<h4 class=\"wp-block-heading\"><em>Resultats i fotografies:<\/em><\/h4>\n\n\n\n<ul class=\"wp-block-list\">\n<li>A&nbsp; la pestanya \u201cEl que ja hem fet\u201d consultar \u201cHist\u00f2ric de resultats\u201d<\/li>\n\n\n\n<li>Les fotografies de la temporada les podeu veure clicant <a href=\"https:\/\/www.asep.cat\/index.php\/2025\/12\/29\/temporada-2017-18\/\">aqu\u00ed<\/a>.<\/li>\n<\/ul>\n","protected":false},"excerpt":{"rendered":"<p>Descripci\u00f3 de la temporada Ja fa 10 anys que vam comen\u00e7ar aquesta aventura, les coses han canviat bastant, queda poc d\u2019aquella \u00e8poca, per\u00f2 dels 8 equips del inici, excepte Lleida A, encara hi som tots, molts hem canviat de nom o s\u2019han hagut de desdoblar dins del mateix camp, per encabir a mes companys que [&hellip;]<\/p>\n","protected":false},"author":5,"featured_media":0,"parent":0,"menu_order":0,"comment_status":"closed","ping_status":"closed","template":"","meta":{"footnotes":""},"c2tw_page_folder":[137],"class_list":["post-19500","page","type-page","status-publish","hentry","c2tw_page_folder-un-cop-dull-al-passat"],"_links":{"self":[{"href":"https:\/\/www.asep.cat\/index.php\/wp-json\/wp\/v2\/pages\/19500","targetHints":{"allow":["GET"]}}],"collection":[{"href":"https:\/\/www.asep.cat\/index.php\/wp-json\/wp\/v2\/pages"}],"about":[{"href":"https:\/\/www.asep.cat\/index.php\/wp-json\/wp\/v2\/types\/page"}],"author":[{"embeddable":true,"href":"https:\/\/www.asep.cat\/index.php\/wp-json\/wp\/v2\/users\/5"}],"replies":[{"embeddable":true,"href":"https:\/\/www.asep.cat\/index.php\/wp-json\/wp\/v2\/comments?post=19500"}],"version-history":[{"count":7,"href":"https:\/\/www.asep.cat\/index.php\/wp-json\/wp\/v2\/pages\/19500\/revisions"}],"predecessor-version":[{"id":19633,"href":"https:\/\/www.asep.cat\/index.php\/wp-json\/wp\/v2\/pages\/19500\/revisions\/19633"}],"wp:attachment":[{"href":"https:\/\/www.asep.cat\/index.php\/wp-json\/wp\/v2\/media?parent=19500"}],"wp:term":[{"taxonomy":"c2tw_page_folder","embeddable":true,"href":"https:\/\/www.asep.cat\/index.php\/wp-json\/wp\/v2\/c2tw_page_folder?post=19500"}],"curies":[{"name":"wp","href":"https:\/\/api.w.org\/{rel}","templated":true}]}}

<h2 class="wp-block-heading">Descripció de la temporada</h2>



<p class="wp-block-paragraph">Ja fa 10 anys que vam començar aquesta aventura, les coses han canviat bastant, queda poc d’aquella època, però dels 8 equips del inici, excepte Lleida A, encara hi som tots, molts hem canviat de nom o s’han hagut de desdoblar dins del mateix camp, per encabir a mes companys que volien participar.</p>



<p class="wp-block-paragraph">El sistema de classificacions, els ordre de sortides, la publicació de resultats ja ho tenim a la web de la Federació, tot això ja es cosa d’ells i es una gran ajuda per seguir amb els nostres Intercamps, que ja no tenen inconvenients per continuar creixen.</p>



<p class="wp-block-paragraph">Per el que fa als reglaments pocs canvis necessiten, en tot cas, son petits ajustos, com que, vam veure que era millor deixar de donar un lot per jugador i decidim lliurar un pernil per equip, independentment dels que es guanyin per les proves, això propiciava millor la cohesió del equips i ens trèiem de sobre demanar lots per els jugadors que sobrepassaven els 8 “oficials” de cada equip</p>



<p class="wp-block-paragraph">Resolt tot això, els esforços del Comitè de Sèniors els centrem en dissenyar noves competicions on incrementem la participació, al final decidim la continuïtat de la Copa MP per equips de la temporada passada, aquests any en un camp nostre, ho proposem a Can Mascaró i accepten encantats, així dons la segona edició d’aquesta competició la organitzem nosaltres.</p>



<h2 class="wp-block-heading">XI Intercamps SP</h2>



<p class="wp-block-paragraph">Tornant als Intercamps, cap el final del descans estival, quan ja teníem la temporada preparada, tres equips nous van demanar participar en el Intercamps SP, això ens va agafar una mica a contra peu i els vam afegir a les divisions segona i tercera, amb la idea de regularitzar-ho la propera i la cosa va quedar així:</p>



<p class="wp-block-paragraph">Els equips nous vans se:</p>



<ul class="wp-block-list">
<li class="has-medium-font-size">LUMINE GOLF CAMBRILS</li>



<li class="has-medium-font-size">CAN MASCARÓ B</li>



<li class="has-medium-font-size">VOLA BOLA CAN CUYAS</li>
</ul>



<h4 class="wp-block-heading">Els equips del XI Intercamps Oest SP van ser:</h4>



<div class="wp-block-columns is-layout-flex wp-container-core-columns-is-layout-f56f613f wp-block-columns-is-layout-flex">
<div class="wp-block-column is-layout-flow wp-block-column-is-layout-flow">
<p class="wp-block-paragraph"><em>1a divisió</em></p>



<ol class="wp-block-list">
<li class="has-medium-font-size">BONÀREA A</li>



<li class="has-medium-font-size">CAMBRILS</li>



<li class="has-medium-font-size">CAN RAFEL SÈNIORS</li>



<li class="has-medium-font-size">COSTA DAURADA P&amp;P LA FIGUEROLA</li>



<li class="has-medium-font-size">EL VALLES A</li>



<li class="has-medium-font-size">ROC 3 BLAU</li>



<li class="has-medium-font-size">ROC 3 VERMELL</li>
</ol>
</div>



<div class="wp-block-column is-layout-flow wp-block-column-is-layout-flow">
<p class="wp-block-paragraph"><em>2a divisió</em></p>



<ol class="wp-block-list">
<li class="has-medium-font-size">BELLPUIG</li>



<li class="has-medium-font-size">CAN MASCARO A</li>



<li class="has-medium-font-size">CAN RAFEL PENEDÈS</li>



<li class="has-medium-font-size">LLEIDA PONENT</li>



<li class="has-medium-font-size">MANRESA SAVA&nbsp;&nbsp;&nbsp;&nbsp;&nbsp;&nbsp;&nbsp;&nbsp;&nbsp;&nbsp;&nbsp;&nbsp;</li>



<li class="has-medium-font-size">PORTAL DEL ROC</li>



<li class="has-medium-font-size">SÉNIORS CAN CUYAS</li>



<li class="has-medium-font-size">S. VILAFORTUNY C.</li>



<li class="has-medium-font-size">LUMINE GOLF CAMBRILS</li>
</ol>
</div>
</div>



<p class="wp-block-paragraph"><em>3A divisió</em></p>



<ol class="wp-block-list">
<li class="has-medium-font-size">BONÀREA B</li>



<li class="has-medium-font-size">BONÀREA C</li>



<li class="has-medium-font-size">CAN MASCARÓ B</li>



<li class="has-medium-font-size">EL VALLES B</li>



<li class="has-medium-font-size">EL VENDRELL A</li>



<li class="has-medium-font-size">EL VENDRELL B</li>



<li class="has-medium-font-size">SÈNIORS SANT JAUME</li>



<li class="has-medium-font-size">VOLA BOLA CAN CUYAS</li>
</ol>



<h2 class="wp-block-heading">XI Interzones</h2>



<p class="wp-block-paragraph">Novament l’Interzones torna a la nostra zona i el camp que escollim es novament el del Roc 3 que es qui ha guanyat la Fase Regular i per tant te mes números per alçar-se amb la victòria, i així es, enguany, el guanyador d’aquesta XI Interzones es:</p>



<h4 class="wp-block-heading has-text-align-center"><strong>Roc3 Vermell</strong></h4>



<h2 class="wp-block-heading">III Intercamps MP</h2>



<p class="wp-block-paragraph">En l’Intercamps MP, la temporada passada l’havíem tirat endavant amb tres divisions de 5 equips i ens va semblar poc, va ser una mica “vista i no vista”, aquest any, com que serem 16 equips, provarem com ens va amb dues divisions de 8 equips.</p>



<h4 class="wp-block-heading">Els equips del III Intercamps Oest MP van ser:</h4>



<div class="wp-block-columns is-layout-flex wp-container-core-columns-is-layout-f56f613f wp-block-columns-is-layout-flex">
<div class="wp-block-column is-layout-flow wp-block-column-is-layout-flow">
<p class="wp-block-paragraph"><em>1a divisió</em></p>



<ol class="wp-block-list">
<li class="has-medium-font-size">BELLPUIG</li>



<li class="has-medium-font-size">BONÀREA A</li>



<li class="has-medium-font-size">CAN RAFEL SENIORS</li>



<li class="has-medium-font-size">EL VALLES A</li>



<li class="has-medium-font-size">MANRESA SAVA</li>



<li class="has-medium-font-size">PORTAL DEL ROC</li>



<li class="has-medium-font-size">ROC 3 VERMELL</li>



<li class="has-medium-font-size">ROC 3 BLAU</li>
</ol>
</div>



<div class="wp-block-column is-layout-flow wp-block-column-is-layout-flow">
<p class="wp-block-paragraph"><em>2a divisió</em></p>



<ol class="wp-block-list">
<li class="has-medium-font-size">BONÀREA B</li>



<li class="has-medium-font-size">CAN CUYAS</li>



<li class="has-medium-font-size">CAN MASCARO A</li>



<li class="has-medium-font-size">CAN MASCARO B</li>



<li class="has-medium-font-size">CAN RAFEL PENEDES</li>



<li class="has-medium-font-size">EL VALLES B</li>



<li class="has-medium-font-size">SANT JAUME</li>



<li class="has-medium-font-size">BONÀREA C</li>
</ol>
</div>
</div>



<h2 class="wp-block-heading">IX Ryder ASEP vs SEMAR</h2>



<p class="wp-block-paragraph">Amb la Ryder nosaltres anem en especial cura de no repetir camp i enguany, d’entre els millors que queden per jugar, tenint en compte les instal·lacions i la qualitat dels jugadors locals, prenem la decisió d’escollir BonÀrea.</p>



<p class="wp-block-paragraph">El capità local, l’Ignasi Riera es fa càrrec d’escollir l’equip. Tot be fins el partit, en que per primera vegada, els d’ASEP jugant a casa perdem!!!</p>



<p class="wp-block-paragraph">Així que el guanyador d’aquesta edició va se l’equip del:</p>



<h4 class="wp-block-heading has-text-align-center"><strong>SEMAR</strong></h4>



<p class="wp-block-paragraph">No cal dir que significa això, estem a un partit de perdre la copa, que havíem guanyat la temporada passada, si la temporada que ve perdem a casa seva, empataran amb nosaltres amb la propietat de la copa.</p>



<h2 class="wp-block-heading">II Copa MatchPlay Equips Sèniors</h2>



<p class="wp-block-paragraph">Com hem dit, es fa a Can Mascaró.</p>



<p class="wp-block-paragraph">Tal i com estava previst, la competició es amb 4 equips i dos jornades.</p>



<p class="wp-block-paragraph">Hi participen dos equips de l’Est i dos del Oest, i els premis com l’any passat van ser 300€ per el campió, 200€ per el segon classificat i 100€ per el tercer, el resultat final va ser:</p>



<ul class="wp-block-list">
<li class="has-medium-font-size">Can Mascaró A</li>



<li class="has-medium-font-size">HCP1 SEMAR</li>



<li class="has-medium-font-size">BonÀrea A</li>



<li class="has-medium-font-size">Sant Cebrià A</li>
</ul>



<p class="wp-block-paragraph">Sant Cebrià va ser l’únic que no va tenir premi, la resta poc o molt, van poder comprar alguna cosa a la tenda del mateix Can Mascaró.</p>



<h4 class="wp-block-heading"><em>Resultats i fotografies:</em></h4>



<ul class="wp-block-list">
<li>A&nbsp; la pestanya “El que ja hem fet” consultar “Històric de resultats”</li>



<li>Les fotografies de la temporada les podeu veure clicant <a href="https://www.asep.cat/index.php/2025/12/29/temporada-2017-18/">aquí</a>.</li>
</ul>

<p>Descripció de la temporada Ja fa 10 anys que vam començar aquesta aventura, les coses han canviat bastant, queda poc d’aquella època, però dels 8 equips del inici, excepte Lleida A, encara hi som tots, molts hem canviat de nom o s’han hagut de desdoblar dins del mateix camp, per encabir a mes companys que [&hellip;]</p>
