{"id":18517,"date":"2026-08-02T17:05:55","date_gmt":"2026-08-02T15:05:55","guid":{"rendered":"https:\/\/www.asep.cat\/?page_id=18517"},"modified":"2026-08-16T15:26:47","modified_gmt":"2026-08-16T13:26:47","slug":"temporada-2013-14","status":"publish","type":"page","link":"https:\/\/www.asep.cat\/index.php\/temporada-2013-14\/","title":{"rendered":"Temporada 2013\/14"},"content":{"rendered":"\n<h2 class=\"wp-block-heading\">Descripci\u00f3 de la temporada<\/h2>\n\n\n\n<p class=\"wp-block-paragraph\">La novetat mes important de la temporada es que la Federaci\u00f3 ens deixa de subvencionar els 1.180\u20ac de la temporada passada.<\/p>\n\n\n\n<p class=\"wp-block-paragraph\">Les converses amb els companys del SEMAR van endavant i ens plantegem com a objectiu, homologar totalment els nostres reglaments i que siguin id\u00e8ntics, de fet aparentment no hi hauria d\u2019haver diverg\u00e8ncies importants, ja que les respectives competicions son iguals i ens hi posem a fer-ho.<\/p>\n\n\n\n<p class=\"wp-block-paragraph\">Aviat veiem que tot i ser competicions id\u00e8ntiques, hi ha detalls que ens separen i especialment en el \u00e0mbit del finan\u00e7ament.<\/p>\n\n\n\n<p class=\"wp-block-paragraph\">Finalment arribem a l\u2019acord de fer un reglament central amb totes les coses que ens son francament comuns i a part fer \u201cAnnexes\u201d espec\u00edfics per cada zona amb tot all\u00f2 que ens difer\u00e8ncia.<\/p>\n\n\n\n<p class=\"wp-block-paragraph\">Fins ara les classificacions de la temporada les hav\u00edem de fer nosaltres mateixos i els companys del SEMAR, que tot i tenir una junta en la que es repartien les tasques, el problema continuava sent el mateix i es que a cada prova, sobre la marxa, era el camp qui havia de donar els resultats per equips, amb els errors que al fer-ho a ma, despresa corrent comportava, a mes, hi havia algun camp que deia que no estava per fer aquesta feina i ens posava pegues.<\/p>\n\n\n\n<p class=\"wp-block-paragraph\">Per resoldre aquesta situaci\u00f3, els companys del SEMAR ens van proposar fer un programa inform\u00e0tic que residiria en els ordinadors de cada camp i que entrant els resultats de cada partit, autom\u00e0ticament consolidaria els equips i donaria els resultats per equip, el cost d\u2019aquest programa seria aproximadament d\u2019uns 2000\u20ac i el podr\u00edem pagar a mitges.<\/p>\n\n\n\n<p class=\"wp-block-paragraph\">A nosaltres, ens va semblar que aquesta no era la soluci\u00f3 ideal, primer per que la considerava cara i segon per que no m\u2019agradava la idea de posar programes en el ordinadors dels camps, segurament que alg\u00fa s\u2019hi podria nega, aix\u00ed que vam declinar aquest oferiment i a canvi v\u00e0rem comen\u00e7ar a negociar amb la Federaci\u00f3 la idea de que, ja que ells no tenien cap \u201cInterclubs S\u00e8niors\u201d i a mes, ens havien deixat de subvencionar, be ens podrien fer aquesta tasca i donar-nos aquest suport log\u00edstic que necessit\u00e0vem.<\/p>\n\n\n\n<p class=\"wp-block-paragraph\">La proposta va anar be per\u00f2 vam condicionar l\u2019acord a que havia de ser a tres bandes, la Federaci\u00f3, SEMAR i ASEP.<\/p>\n\n\n\n<p class=\"wp-block-paragraph\">Tot-hom va accepta i els companys del SEMAR, tenint el seu programa funcionant, tamb\u00e9 van estar d\u2019acord, a que era millor que aquestes tasques la fes la Federaci\u00f3.<\/p>\n\n\n\n<p class=\"wp-block-paragraph\">En aquell punt, va sorgir la idea de crear el comit\u00e8 de S\u00e8niors, amb un representant del SEMAR un d\u2019ASEP, el delegat dels s\u00e8niors i, tots coordinats, per en Lluis de la Federaci\u00f3.<\/p>\n\n\n\n<h3 class=\"wp-block-heading\">VII Intercamps<\/h3>\n\n\n\n<p class=\"wp-block-paragraph\">Donada la nova situaci\u00f3 econ\u00f2mica per la falta de la aportaci\u00f3 de la Federaci\u00f3, v\u00e0rem  de reajustar el pressupost de la temporada, pujant la quota d\u2019inscripci\u00f3 a 480\u20ac per equip (8 jugadors x 60\u20ac) i deixar de donar trofeus a cada equip guanyador a cada jornada i fer-ho al final als guanyadors de la temporada.<\/p>\n\n\n\n<p class=\"wp-block-paragraph\">Vistes les coses aix\u00ed, ja no era necessari que els equips, es quedessin a dinar en el restaurant del camp i cada qual era lliure de fer-ho o no.<\/p>\n\n\n\n<p class=\"wp-block-paragraph\">Entre molts altres canvis que vam d&#8217;haver de fer per homologar els reglaments, i entre altres coses, vam tenir que acceptar que els equips del mateix camp o club, es poguessin deixar jugadors d\u2019un al l\u2019altre, per\u00f2 inicialment amb el l\u00edmit de 4, ells no tenien l\u00edmit.<\/p>\n\n\n\n<p class=\"wp-block-paragraph\">En Francesc Soler, va proposar que donat que l\u2019Intercamps passava a ser una \u00fanica competici\u00f3, unifiqu\u00e9ssim el n\u00famero de la edici\u00f3, com sabem, ells eren mes antics, ells anaven per IX edici\u00f3 i nosaltres per las VII, aix\u00ed que el nostre Intercamps va passa a ser el IX i ells amb 4 divisions i nosaltres amb 2.<\/p>\n\n\n\n<p class=\"wp-block-paragraph\">Per el que fa als equips, aquest any es va donar de baixa Sant Jaume 1994 i aix\u00f2 permet que entri El Vall\u00e8s B que estava en espera i ens mantenim amb els 18 equips.<\/p>\n\n\n\n<h4 class=\"wp-block-heading\">Els equips del VII Intercamps Ponent (Oficialment IX Intercamps Oest) van ser:<\/h4>\n\n\n\n<div class=\"wp-block-columns is-layout-flex wp-container-core-columns-is-layout-f56f613f wp-block-columns-is-layout-flex\">\n<div class=\"wp-block-column is-layout-flow wp-block-column-is-layout-flow\">\n<p class=\"wp-block-paragraph\"><em>1a divisi\u00f3<\/em><\/p>\n\n\n\n<ol class=\"wp-block-list\">\n<li class=\"has-medium-font-size\">BELLPUIG<\/li>\n\n\n\n<li class=\"has-medium-font-size\">CAN RAFEL<\/li>\n\n\n\n<li class=\"has-medium-font-size\">LA GRAIERA<\/li>\n\n\n\n<li class=\"has-medium-font-size\">LLEIDA PONENT<\/li>\n\n\n\n<li class=\"has-medium-font-size\">MANRESA SAVA<\/li>\n\n\n\n<li class=\"has-medium-font-size\">PORTAL DEL ROC<\/li>\n\n\n\n<li class=\"has-medium-font-size\">ROC3<\/li>\n\n\n\n<li class=\"has-medium-font-size\">SANT JAUME PENED\u00c8S<\/li>\n\n\n\n<li class=\"has-medium-font-size\">TEYCO L&#8217;AMPOLLA<\/li>\n<\/ol>\n<\/div>\n\n\n\n<div class=\"wp-block-column is-layout-flow wp-block-column-is-layout-flow\">\n<p class=\"wp-block-paragraph\"><em>2a divisi\u00f3<\/em><\/p>\n\n\n\n<ol class=\"wp-block-list\">\n<li class=\"has-medium-font-size\">BON\u00c0REA A<\/li>\n\n\n\n<li class=\"has-medium-font-size\">BON\u00c0REA B<\/li>\n\n\n\n<li class=\"has-medium-font-size\">CAN CUY\u00c0S<\/li>\n\n\n\n<li class=\"has-medium-font-size\">EL VALL\u00c8S<\/li>\n\n\n\n<li class=\"has-medium-font-size\">EL VALL\u00c8S B<\/li>\n\n\n\n<li class=\"has-medium-font-size\">EL VENDRELL A<\/li>\n\n\n\n<li class=\"has-medium-font-size\">EL VENDRELL B<\/li>\n\n\n\n<li class=\"has-medium-font-size\">LLEIDA A<\/li>\n\n\n\n<li class=\"has-medium-font-size\">S\u00c8NIORS MANRESA<\/li>\n<\/ol>\n<\/div>\n<\/div>\n\n\n\n<h3 class=\"wp-block-heading\">VII Interzones<\/h3>\n\n\n\n<p class=\"wp-block-paragraph\">Sense novetats en aquesta competici\u00f3, seguim a partit \u00fanic, aquesa vegada a camp de la nostre zona i escollim EL Vendrell, el guanyador va ser:<\/p>\n\n\n\n<h4 class=\"wp-block-heading has-text-align-center\"><strong>Roc3 Vermell<\/strong><\/h4>\n\n\n\n<h3 class=\"wp-block-heading\">V Ryder ASEP vs SEMAR<\/h3>\n\n\n\n<p class=\"wp-block-paragraph\">A la Ryder, prenem la decisi\u00f3 d\u2019eliminar la modalitat de les parelles Foursome, la veritat es que vam tenir queixes dels jugadors per que, al ser una modalitat tant r\u00e0pida com els individuals, els partits s\u2019encallaven i es produ\u00efen parades molt llargues, a part que cada jugador sentia que jugava poc, aix\u00ed dons sols vam deixar les modalitats Greensome i Fourball.<\/p>\n\n\n\n<p class=\"wp-block-paragraph\">El camp escollit va ser el Roc3 i els guanyadors d\u2019aquesta edici\u00f3 v\u00e0rem ser nosaltres:<\/p>\n\n\n\n<h4 class=\"wp-block-heading has-text-align-center\"><strong>ASEP<\/strong><\/h4>\n\n\n\n<h3 class=\"wp-block-heading\">I Lliga de parelles ASEP<\/h3>\n\n\n\n<p class=\"wp-block-paragraph\">Estava per caure, els companys del SEMAR es queixaven de que Barcelona era com un mur dif\u00edcil d\u2019entravessar per el mati, la A7 a sovint es posa impossible, venir per exemple des de Llavaneres a el Vendrell era tota una odissea, aix\u00ed que declinen seguir amb aquesta competici\u00f3.<\/p>\n\n\n\n<p class=\"wp-block-paragraph\">\u00d2bviament la distancia de Llavaneres a El Vendrell era la mateixa que de El Vendrell a Llavaneres, per\u00f2 nosaltres, pot ser per que estem mes acostumats a anar a camps de la seva zona o per que verdaderament el tr\u00e0fic de nord a sud, a aquella hora es mes dens que al reves, ens va saber greu i vam decidir fer la nostra Lliga de parelles per\u00f2 com al principi, amb equips de 3 jugadors.<\/p>\n\n\n\n<p class=\"wp-block-paragraph\">Tampoc s\u2019hi van apuntar masses equips, em sembla que v\u00e0rem ser un 6 o 7, aquesta edici\u00f3 la va guanyar l\u2019equip format per:<\/p>\n\n\n\n<ul class=\"wp-block-list\">\n<li><strong>Joan Montaner<\/strong><\/li>\n\n\n\n<li><strong>Enrique Playan<\/strong><\/li>\n\n\n\n<li><strong>Joan E. Tortosa<\/strong><\/li>\n<\/ul>\n\n\n\n<h4 class=\"wp-block-heading\"><em>Resultats i fotografies:<\/em><\/h4>\n\n\n\n<ul class=\"wp-block-list\">\n<li>A&nbsp; la pestanya \u201cEl que ja hem fet\u201d consultar \u201cHist\u00f2ric de resultats\u201d<\/li>\n\n\n\n<li>Les fotografies de la temporada les podeu veure clicant <a href=\"https:\/\/www.asep.cat\/index.php\/2026\/01\/02\/temporada-2013-14\/\">aqu\u00ed<\/a>.<\/li>\n<\/ul>\n","protected":false},"excerpt":{"rendered":"<p>Descripci\u00f3 de la temporada La novetat mes important de la temporada es que la Federaci\u00f3 ens deixa de subvencionar els 1.180\u20ac de la temporada passada. Les converses amb els companys del SEMAR van endavant i ens plantegem com a objectiu, homologar totalment els nostres reglaments i que siguin id\u00e8ntics, de fet aparentment no hi hauria [&hellip;]<\/p>\n","protected":false},"author":5,"featured_media":0,"parent":0,"menu_order":0,"comment_status":"closed","ping_status":"closed","template":"","meta":{"footnotes":""},"c2tw_page_folder":[137],"class_list":["post-18517","page","type-page","status-publish","hentry","c2tw_page_folder-un-cop-dull-al-passat"],"_links":{"self":[{"href":"https:\/\/www.asep.cat\/index.php\/wp-json\/wp\/v2\/pages\/18517","targetHints":{"allow":["GET"]}}],"collection":[{"href":"https:\/\/www.asep.cat\/index.php\/wp-json\/wp\/v2\/pages"}],"about":[{"href":"https:\/\/www.asep.cat\/index.php\/wp-json\/wp\/v2\/types\/page"}],"author":[{"embeddable":true,"href":"https:\/\/www.asep.cat\/index.php\/wp-json\/wp\/v2\/users\/5"}],"replies":[{"embeddable":true,"href":"https:\/\/www.asep.cat\/index.php\/wp-json\/wp\/v2\/comments?post=18517"}],"version-history":[{"count":7,"href":"https:\/\/www.asep.cat\/index.php\/wp-json\/wp\/v2\/pages\/18517\/revisions"}],"predecessor-version":[{"id":19620,"href":"https:\/\/www.asep.cat\/index.php\/wp-json\/wp\/v2\/pages\/18517\/revisions\/19620"}],"wp:attachment":[{"href":"https:\/\/www.asep.cat\/index.php\/wp-json\/wp\/v2\/media?parent=18517"}],"wp:term":[{"taxonomy":"c2tw_page_folder","embeddable":true,"href":"https:\/\/www.asep.cat\/index.php\/wp-json\/wp\/v2\/c2tw_page_folder?post=18517"}],"curies":[{"name":"wp","href":"https:\/\/api.w.org\/{rel}","templated":true}]}}

<h2 class="wp-block-heading">Descripció de la temporada</h2>



<p class="wp-block-paragraph">La novetat mes important de la temporada es que la Federació ens deixa de subvencionar els 1.180€ de la temporada passada.</p>



<p class="wp-block-paragraph">Les converses amb els companys del SEMAR van endavant i ens plantegem com a objectiu, homologar totalment els nostres reglaments i que siguin idèntics, de fet aparentment no hi hauria d’haver divergències importants, ja que les respectives competicions son iguals i ens hi posem a fer-ho.</p>



<p class="wp-block-paragraph">Aviat veiem que tot i ser competicions idèntiques, hi ha detalls que ens separen i especialment en el àmbit del finançament.</p>



<p class="wp-block-paragraph">Finalment arribem a l’acord de fer un reglament central amb totes les coses que ens son francament comuns i a part fer “Annexes” específics per cada zona amb tot allò que ens diferència.</p>



<p class="wp-block-paragraph">Fins ara les classificacions de la temporada les havíem de fer nosaltres mateixos i els companys del SEMAR, que tot i tenir una junta en la que es repartien les tasques, el problema continuava sent el mateix i es que a cada prova, sobre la marxa, era el camp qui havia de donar els resultats per equips, amb els errors que al fer-ho a ma, despresa corrent comportava, a mes, hi havia algun camp que deia que no estava per fer aquesta feina i ens posava pegues.</p>



<p class="wp-block-paragraph">Per resoldre aquesta situació, els companys del SEMAR ens van proposar fer un programa informàtic que residiria en els ordinadors de cada camp i que entrant els resultats de cada partit, automàticament consolidaria els equips i donaria els resultats per equip, el cost d’aquest programa seria aproximadament d’uns 2000€ i el podríem pagar a mitges.</p>



<p class="wp-block-paragraph">A nosaltres, ens va semblar que aquesta no era la solució ideal, primer per que la considerava cara i segon per que no m’agradava la idea de posar programes en el ordinadors dels camps, segurament que algú s’hi podria nega, així que vam declinar aquest oferiment i a canvi vàrem començar a negociar amb la Federació la idea de que, ja que ells no tenien cap “Interclubs Sèniors” i a mes, ens havien deixat de subvencionar, be ens podrien fer aquesta tasca i donar-nos aquest suport logístic que necessitàvem.</p>



<p class="wp-block-paragraph">La proposta va anar be però vam condicionar l’acord a que havia de ser a tres bandes, la Federació, SEMAR i ASEP.</p>



<p class="wp-block-paragraph">Tot-hom va accepta i els companys del SEMAR, tenint el seu programa funcionant, també van estar d’acord, a que era millor que aquestes tasques la fes la Federació.</p>



<p class="wp-block-paragraph">En aquell punt, va sorgir la idea de crear el comitè de Sèniors, amb un representant del SEMAR un d’ASEP, el delegat dels sèniors i, tots coordinats, per en Lluis de la Federació.</p>



<h3 class="wp-block-heading">VII Intercamps</h3>



<p class="wp-block-paragraph">Donada la nova situació econòmica per la falta de la aportació de la Federació, vàrem  de reajustar el pressupost de la temporada, pujant la quota d’inscripció a 480€ per equip (8 jugadors x 60€) i deixar de donar trofeus a cada equip guanyador a cada jornada i fer-ho al final als guanyadors de la temporada.</p>



<p class="wp-block-paragraph">Vistes les coses així, ja no era necessari que els equips, es quedessin a dinar en el restaurant del camp i cada qual era lliure de fer-ho o no.</p>



<p class="wp-block-paragraph">Entre molts altres canvis que vam d&#8217;haver de fer per homologar els reglaments, i entre altres coses, vam tenir que acceptar que els equips del mateix camp o club, es poguessin deixar jugadors d’un al l’altre, però inicialment amb el límit de 4, ells no tenien límit.</p>



<p class="wp-block-paragraph">En Francesc Soler, va proposar que donat que l’Intercamps passava a ser una única competició, unifiquéssim el número de la edició, com sabem, ells eren mes antics, ells anaven per IX edició i nosaltres per las VII, així que el nostre Intercamps va passa a ser el IX i ells amb 4 divisions i nosaltres amb 2.</p>



<p class="wp-block-paragraph">Per el que fa als equips, aquest any es va donar de baixa Sant Jaume 1994 i això permet que entri El Vallès B que estava en espera i ens mantenim amb els 18 equips.</p>



<h4 class="wp-block-heading">Els equips del VII Intercamps Ponent (Oficialment IX Intercamps Oest) van ser:</h4>



<div class="wp-block-columns is-layout-flex wp-container-core-columns-is-layout-f56f613f wp-block-columns-is-layout-flex">
<div class="wp-block-column is-layout-flow wp-block-column-is-layout-flow">
<p class="wp-block-paragraph"><em>1a divisió</em></p>



<ol class="wp-block-list">
<li class="has-medium-font-size">BELLPUIG</li>



<li class="has-medium-font-size">CAN RAFEL</li>



<li class="has-medium-font-size">LA GRAIERA</li>



<li class="has-medium-font-size">LLEIDA PONENT</li>



<li class="has-medium-font-size">MANRESA SAVA</li>



<li class="has-medium-font-size">PORTAL DEL ROC</li>



<li class="has-medium-font-size">ROC3</li>



<li class="has-medium-font-size">SANT JAUME PENEDÈS</li>



<li class="has-medium-font-size">TEYCO L&#8217;AMPOLLA</li>
</ol>
</div>



<div class="wp-block-column is-layout-flow wp-block-column-is-layout-flow">
<p class="wp-block-paragraph"><em>2a divisió</em></p>



<ol class="wp-block-list">
<li class="has-medium-font-size">BONÀREA A</li>



<li class="has-medium-font-size">BONÀREA B</li>



<li class="has-medium-font-size">CAN CUYÀS</li>



<li class="has-medium-font-size">EL VALLÈS</li>



<li class="has-medium-font-size">EL VALLÈS B</li>



<li class="has-medium-font-size">EL VENDRELL A</li>



<li class="has-medium-font-size">EL VENDRELL B</li>



<li class="has-medium-font-size">LLEIDA A</li>



<li class="has-medium-font-size">SÈNIORS MANRESA</li>
</ol>
</div>
</div>



<h3 class="wp-block-heading">VII Interzones</h3>



<p class="wp-block-paragraph">Sense novetats en aquesta competició, seguim a partit únic, aquesa vegada a camp de la nostre zona i escollim EL Vendrell, el guanyador va ser:</p>



<h4 class="wp-block-heading has-text-align-center"><strong>Roc3 Vermell</strong></h4>



<h3 class="wp-block-heading">V Ryder ASEP vs SEMAR</h3>



<p class="wp-block-paragraph">A la Ryder, prenem la decisió d’eliminar la modalitat de les parelles Foursome, la veritat es que vam tenir queixes dels jugadors per que, al ser una modalitat tant ràpida com els individuals, els partits s’encallaven i es produïen parades molt llargues, a part que cada jugador sentia que jugava poc, així dons sols vam deixar les modalitats Greensome i Fourball.</p>



<p class="wp-block-paragraph">El camp escollit va ser el Roc3 i els guanyadors d’aquesta edició vàrem ser nosaltres:</p>



<h4 class="wp-block-heading has-text-align-center"><strong>ASEP</strong></h4>



<h3 class="wp-block-heading">I Lliga de parelles ASEP</h3>



<p class="wp-block-paragraph">Estava per caure, els companys del SEMAR es queixaven de que Barcelona era com un mur difícil d’entravessar per el mati, la A7 a sovint es posa impossible, venir per exemple des de Llavaneres a el Vendrell era tota una odissea, així que declinen seguir amb aquesta competició.</p>



<p class="wp-block-paragraph">Òbviament la distancia de Llavaneres a El Vendrell era la mateixa que de El Vendrell a Llavaneres, però nosaltres, pot ser per que estem mes acostumats a anar a camps de la seva zona o per que verdaderament el tràfic de nord a sud, a aquella hora es mes dens que al reves, ens va saber greu i vam decidir fer la nostra Lliga de parelles però com al principi, amb equips de 3 jugadors.</p>



<p class="wp-block-paragraph">Tampoc s’hi van apuntar masses equips, em sembla que vàrem ser un 6 o 7, aquesta edició la va guanyar l’equip format per:</p>



<ul class="wp-block-list">
<li><strong>Joan Montaner</strong></li>



<li><strong>Enrique Playan</strong></li>



<li><strong>Joan E. Tortosa</strong></li>
</ul>



<h4 class="wp-block-heading"><em>Resultats i fotografies:</em></h4>



<ul class="wp-block-list">
<li>A&nbsp; la pestanya “El que ja hem fet” consultar “Històric de resultats”</li>



<li>Les fotografies de la temporada les podeu veure clicant <a href="https://www.asep.cat/index.php/2026/01/02/temporada-2013-14/">aquí</a>.</li>
</ul>

<p>Descripció de la temporada La novetat mes important de la temporada es que la Federació ens deixa de subvencionar els 1.180€ de la temporada passada. Les converses amb els companys del SEMAR van endavant i ens plantegem com a objectiu, homologar totalment els nostres reglaments i que siguin idèntics, de fet aparentment no hi hauria [&hellip;]</p>
