{"id":18507,"date":"2026-08-02T15:55:33","date_gmt":"2026-08-02T13:55:33","guid":{"rendered":"https:\/\/www.asep.cat\/?page_id=18507"},"modified":"2026-08-16T12:02:00","modified_gmt":"2026-08-16T10:02:00","slug":"temporada-2011-12","status":"publish","type":"page","link":"https:\/\/www.asep.cat\/index.php\/temporada-2011-12\/","title":{"rendered":"Temporada 2011\/12"},"content":{"rendered":"\n<h2 class=\"wp-block-heading\">Descripci\u00f3 de la temporada<\/h2>\n\n\n\n<p class=\"wp-block-paragraph\">Els del Club del SEMAR van tornar a organitzar un altre viatge, aquesta vegada a Ast\u00faries.<\/p>\n\n\n\n<p class=\"wp-block-paragraph\">Ens van convidar per\u00f2 mol pocs de la nostra zona s\u2019hi van apuntar, per\u00f2 els que hi vam anar ens ho vam passar molt be al <a href=\"https:\/\/www.hotelaldamagolf.com\/\">Hotel Aldama Golf<\/a>.<\/p>\n\n\n\n<p class=\"wp-block-paragraph\">Els camps, tant de Golf com de P&amp;P estaven en un estat espl\u00e8ndid i les vistes eren una passada, no cal dir res del menjar, tamb\u00e9 insuperables, va resultar ser molt proper, al viatge de Gal\u00edcia, tot un plaer haver-hi anat!!<\/p>\n\n\n\n<h3 class=\"wp-block-heading\">V Intercamps<\/h3>\n\n\n\n<p class=\"wp-block-paragraph\">En el reglament introdu\u00efm una novetat que la reflectim en el punt 5\u00e8 i que especifica que els darrers equips de la divisi\u00f3 A i els 3 primers classificats de la divisi\u00f3 B faran un play-off a un sol partit, per determinar els dos que pugen de categoria i els dos que baixen.<\/p>\n\n\n\n<p class=\"wp-block-paragraph\">Aquest punt va ser especialment pol\u00e8mic a l\u2019hora de posar-lo en pr\u00e0ctica, b\u00e0sicament els equips que estaven per pujar, posaven pegues i exigien el seu dret a pujar com a resultat de l\u2019esfor\u00e7 de la temporada, per\u00f2 el reglament es el reglament i ara, no era moment de canviar-lo, aix\u00ed el vam tenir que aplicar.<\/p>\n\n\n\n<p class=\"wp-block-paragraph\">La resta de normes no van canviar significativament.<\/p>\n\n\n\n<p class=\"wp-block-paragraph\">Proposo un primer intent de fer un mena d\u2019Intercamps amb participaci\u00f3 conjunta del SEMAR i ASEP. La proposici\u00f3 que vaig plantejar era formar una Lliga de Campions amb els 4 primer equips de les dues zones, la proposta va ser rebutjada per part del SEMAR, no veien clar tenir que travessar Barcelona, amb els embussos de transit que habitualment hi ha pels matins, aix\u00ed que ho vam desestimar.<\/p>\n\n\n\n<p class=\"wp-block-paragraph\">Aquesta temporada entren dos nous equips, aix\u00ed que passem de 8 equips a 9 per divisi\u00f3, total 18 equips, aquesta circumst\u00e0ncia ens posa al l\u00edmit del creixement, no podr\u00edem acceptar nous equips a menys que hi haguessin baixes o que foren varis els que entressin, cosa que ens portaria a una tercera divisi\u00f3 i que amb l\u2019estructura actual d\u2019ASEP (jo sol) ja no podr\u00edem suportar.<\/p>\n\n\n\n<p class=\"wp-block-paragraph\">Els nous equips van ser:<\/p>\n\n\n\n<ul class=\"wp-block-list\">\n<li>BON\u00c0REA B<\/li>\n\n\n\n<li>MANRESA SAVA B<\/li>\n<\/ul>\n\n\n\n<h4 class=\"wp-block-heading\">Els equips participants en el V Intercamps Ponent van ser:<\/h4>\n\n\n\n<div class=\"wp-block-columns is-layout-flex wp-container-core-columns-is-layout-f56f613f wp-block-columns-is-layout-flex\">\n<div class=\"wp-block-column is-layout-flow wp-block-column-is-layout-flow\">\n<p class=\"wp-block-paragraph\"><em>1a divisi\u00f3<\/em><\/p>\n\n\n\n<ol class=\"wp-block-list\">\n<li class=\"has-medium-font-size\">BON\u00c0REA -A-<\/li>\n\n\n\n<li class=\"has-medium-font-size\">CAN RAFEL-TRADE<\/li>\n\n\n\n<li class=\"has-medium-font-size\">LA GRAIERA<\/li>\n\n\n\n<li class=\"has-medium-font-size\">LLEIDA-PONENT<\/li>\n\n\n\n<li class=\"has-medium-font-size\">MANRESA -SAVA<\/li>\n\n\n\n<li class=\"has-medium-font-size\">PORTAL DEL ROC<\/li>\n\n\n\n<li class=\"has-medium-font-size\">ROC 3<\/li>\n\n\n\n<li class=\"has-medium-font-size\">SANT JAUME PENED\u00c8S<\/li>\n\n\n\n<li class=\"has-medium-font-size\">TEYCO L&#8217;AMPOLLA C.D.&nbsp;<\/li>\n<\/ol>\n<\/div>\n\n\n\n<div class=\"wp-block-column is-layout-flow wp-block-column-is-layout-flow\">\n<p class=\"wp-block-paragraph\"><em>2A divisi\u00f3<\/em><\/p>\n\n\n\n<ol class=\"wp-block-list\">\n<li class=\"has-medium-font-size\">BELLPUIG<\/li>\n\n\n\n<li class=\"has-medium-font-size\">BON\u00c0REA -B-<\/li>\n\n\n\n<li class=\"has-medium-font-size\">CAN CUYAS<\/li>\n\n\n\n<li class=\"has-medium-font-size\">EL VALL\u00c8S<\/li>\n\n\n\n<li class=\"has-medium-font-size\">EL VENDRELL A<\/li>\n\n\n\n<li class=\"has-medium-font-size\">EL VENDRELL B<\/li>\n\n\n\n<li class=\"has-medium-font-size\">LLEIDA A<\/li>\n\n\n\n<li class=\"has-medium-font-size\">MANRESA -SAVA -B-<\/li>\n\n\n\n<li class=\"has-medium-font-size\">SANT JAUME 1994<\/li>\n<\/ol>\n<\/div>\n<\/div>\n\n\n\n<p class=\"wp-block-paragraph\">Amb aquesta estructura, el que f\u00e8iem en els camps de 9 forats, jug\u00e0vem dos dies i l\u2019equip amfitri\u00f3 es dividia en dos, 2 parelles jugaven dimarts i 2 dimecres, en els de 18 forats, cap problema, ompl\u00edem el camp<\/p>\n\n\n\n<h3 class=\"wp-block-heading\">V Interzones<\/h3>\n\n\n\n<p class=\"wp-block-paragraph\">Vist l\u2019experi\u00e8ncia de la passada temporada en que en el segon partit van fallar 4 equips, en aquesta cinquena temporada, la final Interzones la vam jugar a un sol partit i a partir d\u2019ara, aquest play-off, seria a un sol partit, comen\u00e7ar\u00edem  per la zona ASEP i despr\u00e9s ho anirem alternant, enguany el camp escollit, va ser el Portal del Roc, l\u2019equip guanyador va ser:<\/p>\n\n\n\n<h4 class=\"wp-block-heading has-text-align-center\"><strong>Portal del Roc<\/strong><\/h4>\n\n\n\n<h3 class=\"wp-block-heading\">III Ryder ASEP vs SEMAR<\/h3>\n\n\n\n<p class=\"wp-block-paragraph\">Naturalment, donat l\u2019\u00e8xit del format, tamb\u00e9 v\u00e0rem celebrar la III edici\u00f3 de la Ryder<\/p>\n\n\n\n<p class=\"wp-block-paragraph\">Enguany el camp escollit va ser Oller del Mas i clar est\u00e0 els guanyadors v\u00e9rem ser<\/p>\n\n\n\n<h4 class=\"wp-block-heading has-text-align-center\"><strong>ASEP<\/strong><\/h4>\n\n\n\n<p class=\"wp-block-paragraph\">El capit\u00e0 el Francisco Rubio, es va entestar en que tamb\u00e9 hi hav\u00edem d\u2019anar amb un polo per tots els del equip, jo ja no em volia ficar en mes aventures de demanar les talles, comprar-los, portar-los a brodar, repartir-los i cobrar-los, aix\u00ed que ell s\u2019hi va posar a fer-ho, i ho va aconseguir, era vermell de cot\u00f3, aix\u00f2 si no anava brodat, anava serigrafiat amb el nom de ASEP<\/p>\n\n\n\n<h3 class=\"wp-block-heading\">I Lliga Catalana de Parelles<\/h3>\n\n\n\n<p class=\"wp-block-paragraph\">Continuem amb la Lliga de parelles SEMAR\/ASEP per\u00f2 amb canvis, que van comp0rtar el canvi de nom, de Lliga de parelles a Lliga Catalana de Parelles<\/p>\n\n\n\n<p class=\"wp-block-paragraph\">En les anteriors edicions, a sovint, tot i sent parelles de 3 jugadors, de vegades hi havia problemes per formar-les, aix\u00ed que optem per repetir la competici\u00f3, per\u00f2 en lloc de ser una lliga de parelles, seria de \u201cmini\u201d equips per\u00f2 sols podrien jugar dos jugadors, es a dir, serien equips de 4 jugadors i cada un d\u2019ells escolliria un nom i un capit\u00e0.<\/p>\n\n\n\n<p class=\"wp-block-paragraph\">Aquesta primera edici\u00f3 la va guanyar l\u2019equip<\/p>\n\n\n\n<h4 class=\"wp-block-heading has-text-align-center\"><strong>DECAS<\/strong><\/h4>\n\n\n\n<p class=\"wp-block-paragraph\">Format per els jugadors: Cosme Ribes, Jes\u00fas Llenas, Antonio Serra i Daniel Serrano<\/p>\n\n\n\n<h4 class=\"wp-block-heading\"><em>Resultats i fotografies:<\/em><\/h4>\n\n\n\n<ul class=\"wp-block-list\">\n<li>A&nbsp; la pestanya \u201cEl que ja hem fet\u201d podeu consultar \u201cHist\u00f2ric de resultats\u201d<\/li>\n\n\n\n<li>Les fotografies de la temporada les podeu veure clicant <a href=\"https:\/\/www.asep.cat\/index.php\/2026\/01\/03\/temporada-2011-12\/\">aqu\u00ed<\/a>.<\/li>\n<\/ul>\n","protected":false},"excerpt":{"rendered":"<p>Descripci\u00f3 de la temporada Els del Club del SEMAR van tornar a organitzar un altre viatge, aquesta vegada a Ast\u00faries. Ens van convidar per\u00f2 mol pocs de la nostra zona s\u2019hi van apuntar, per\u00f2 els que hi vam anar ens ho vam passar molt be al Hotel Aldama Golf. Els camps, tant de Golf com [&hellip;]<\/p>\n","protected":false},"author":5,"featured_media":0,"parent":0,"menu_order":0,"comment_status":"closed","ping_status":"closed","template":"","meta":{"footnotes":""},"c2tw_page_folder":[137],"class_list":["post-18507","page","type-page","status-publish","hentry","c2tw_page_folder-un-cop-dull-al-passat"],"_links":{"self":[{"href":"https:\/\/www.asep.cat\/index.php\/wp-json\/wp\/v2\/pages\/18507","targetHints":{"allow":["GET"]}}],"collection":[{"href":"https:\/\/www.asep.cat\/index.php\/wp-json\/wp\/v2\/pages"}],"about":[{"href":"https:\/\/www.asep.cat\/index.php\/wp-json\/wp\/v2\/types\/page"}],"author":[{"embeddable":true,"href":"https:\/\/www.asep.cat\/index.php\/wp-json\/wp\/v2\/users\/5"}],"replies":[{"embeddable":true,"href":"https:\/\/www.asep.cat\/index.php\/wp-json\/wp\/v2\/comments?post=18507"}],"version-history":[{"count":24,"href":"https:\/\/www.asep.cat\/index.php\/wp-json\/wp\/v2\/pages\/18507\/revisions"}],"predecessor-version":[{"id":19609,"href":"https:\/\/www.asep.cat\/index.php\/wp-json\/wp\/v2\/pages\/18507\/revisions\/19609"}],"wp:attachment":[{"href":"https:\/\/www.asep.cat\/index.php\/wp-json\/wp\/v2\/media?parent=18507"}],"wp:term":[{"taxonomy":"c2tw_page_folder","embeddable":true,"href":"https:\/\/www.asep.cat\/index.php\/wp-json\/wp\/v2\/c2tw_page_folder?post=18507"}],"curies":[{"name":"wp","href":"https:\/\/api.w.org\/{rel}","templated":true}]}}

<h2 class="wp-block-heading">Descripció de la temporada</h2>



<p class="wp-block-paragraph">Els del Club del SEMAR van tornar a organitzar un altre viatge, aquesta vegada a Astúries.</p>



<p class="wp-block-paragraph">Ens van convidar però mol pocs de la nostra zona s’hi van apuntar, però els que hi vam anar ens ho vam passar molt be al <a href="https://www.hotelaldamagolf.com/">Hotel Aldama Golf</a>.</p>



<p class="wp-block-paragraph">Els camps, tant de Golf com de P&amp;P estaven en un estat esplèndid i les vistes eren una passada, no cal dir res del menjar, també insuperables, va resultar ser molt proper, al viatge de Galícia, tot un plaer haver-hi anat!!</p>



<h3 class="wp-block-heading">V Intercamps</h3>



<p class="wp-block-paragraph">En el reglament introduïm una novetat que la reflectim en el punt 5è i que especifica que els darrers equips de la divisió A i els 3 primers classificats de la divisió B faran un play-off a un sol partit, per determinar els dos que pugen de categoria i els dos que baixen.</p>



<p class="wp-block-paragraph">Aquest punt va ser especialment polèmic a l’hora de posar-lo en pràctica, bàsicament els equips que estaven per pujar, posaven pegues i exigien el seu dret a pujar com a resultat de l’esforç de la temporada, però el reglament es el reglament i ara, no era moment de canviar-lo, així el vam tenir que aplicar.</p>



<p class="wp-block-paragraph">La resta de normes no van canviar significativament.</p>



<p class="wp-block-paragraph">Proposo un primer intent de fer un mena d’Intercamps amb participació conjunta del SEMAR i ASEP. La proposició que vaig plantejar era formar una Lliga de Campions amb els 4 primer equips de les dues zones, la proposta va ser rebutjada per part del SEMAR, no veien clar tenir que travessar Barcelona, amb els embussos de transit que habitualment hi ha pels matins, així que ho vam desestimar.</p>



<p class="wp-block-paragraph">Aquesta temporada entren dos nous equips, així que passem de 8 equips a 9 per divisió, total 18 equips, aquesta circumstància ens posa al límit del creixement, no podríem acceptar nous equips a menys que hi haguessin baixes o que foren varis els que entressin, cosa que ens portaria a una tercera divisió i que amb l’estructura actual d’ASEP (jo sol) ja no podríem suportar.</p>



<p class="wp-block-paragraph">Els nous equips van ser:</p>



<ul class="wp-block-list">
<li>BONÀREA B</li>



<li>MANRESA SAVA B</li>
</ul>



<h4 class="wp-block-heading">Els equips participants en el V Intercamps Ponent van ser:</h4>



<div class="wp-block-columns is-layout-flex wp-container-core-columns-is-layout-f56f613f wp-block-columns-is-layout-flex">
<div class="wp-block-column is-layout-flow wp-block-column-is-layout-flow">
<p class="wp-block-paragraph"><em>1a divisió</em></p>



<ol class="wp-block-list">
<li class="has-medium-font-size">BONÀREA -A-</li>



<li class="has-medium-font-size">CAN RAFEL-TRADE</li>



<li class="has-medium-font-size">LA GRAIERA</li>



<li class="has-medium-font-size">LLEIDA-PONENT</li>



<li class="has-medium-font-size">MANRESA -SAVA</li>



<li class="has-medium-font-size">PORTAL DEL ROC</li>



<li class="has-medium-font-size">ROC 3</li>



<li class="has-medium-font-size">SANT JAUME PENEDÈS</li>



<li class="has-medium-font-size">TEYCO L&#8217;AMPOLLA C.D.&nbsp;</li>
</ol>
</div>



<div class="wp-block-column is-layout-flow wp-block-column-is-layout-flow">
<p class="wp-block-paragraph"><em>2A divisió</em></p>



<ol class="wp-block-list">
<li class="has-medium-font-size">BELLPUIG</li>



<li class="has-medium-font-size">BONÀREA -B-</li>



<li class="has-medium-font-size">CAN CUYAS</li>



<li class="has-medium-font-size">EL VALLÈS</li>



<li class="has-medium-font-size">EL VENDRELL A</li>



<li class="has-medium-font-size">EL VENDRELL B</li>



<li class="has-medium-font-size">LLEIDA A</li>



<li class="has-medium-font-size">MANRESA -SAVA -B-</li>



<li class="has-medium-font-size">SANT JAUME 1994</li>
</ol>
</div>
</div>



<p class="wp-block-paragraph">Amb aquesta estructura, el que fèiem en els camps de 9 forats, jugàvem dos dies i l’equip amfitrió es dividia en dos, 2 parelles jugaven dimarts i 2 dimecres, en els de 18 forats, cap problema, omplíem el camp</p>



<h3 class="wp-block-heading">V Interzones</h3>



<p class="wp-block-paragraph">Vist l’experiència de la passada temporada en que en el segon partit van fallar 4 equips, en aquesta cinquena temporada, la final Interzones la vam jugar a un sol partit i a partir d’ara, aquest play-off, seria a un sol partit, començaríem  per la zona ASEP i després ho anirem alternant, enguany el camp escollit, va ser el Portal del Roc, l’equip guanyador va ser:</p>



<h4 class="wp-block-heading has-text-align-center"><strong>Portal del Roc</strong></h4>



<h3 class="wp-block-heading">III Ryder ASEP vs SEMAR</h3>



<p class="wp-block-paragraph">Naturalment, donat l’èxit del format, també vàrem celebrar la III edició de la Ryder</p>



<p class="wp-block-paragraph">Enguany el camp escollit va ser Oller del Mas i clar està els guanyadors vérem ser</p>



<h4 class="wp-block-heading has-text-align-center"><strong>ASEP</strong></h4>



<p class="wp-block-paragraph">El capità el Francisco Rubio, es va entestar en que també hi havíem d’anar amb un polo per tots els del equip, jo ja no em volia ficar en mes aventures de demanar les talles, comprar-los, portar-los a brodar, repartir-los i cobrar-los, així que ell s’hi va posar a fer-ho, i ho va aconseguir, era vermell de cotó, això si no anava brodat, anava serigrafiat amb el nom de ASEP</p>



<h3 class="wp-block-heading">I Lliga Catalana de Parelles</h3>



<p class="wp-block-paragraph">Continuem amb la Lliga de parelles SEMAR/ASEP però amb canvis, que van comp0rtar el canvi de nom, de Lliga de parelles a Lliga Catalana de Parelles</p>



<p class="wp-block-paragraph">En les anteriors edicions, a sovint, tot i sent parelles de 3 jugadors, de vegades hi havia problemes per formar-les, així que optem per repetir la competició, però en lloc de ser una lliga de parelles, seria de “mini” equips però sols podrien jugar dos jugadors, es a dir, serien equips de 4 jugadors i cada un d’ells escolliria un nom i un capità.</p>



<p class="wp-block-paragraph">Aquesta primera edició la va guanyar l’equip</p>



<h4 class="wp-block-heading has-text-align-center"><strong>DECAS</strong></h4>



<p class="wp-block-paragraph">Format per els jugadors: Cosme Ribes, Jesús Llenas, Antonio Serra i Daniel Serrano</p>



<h4 class="wp-block-heading"><em>Resultats i fotografies:</em></h4>



<ul class="wp-block-list">
<li>A&nbsp; la pestanya “El que ja hem fet” podeu consultar “Històric de resultats”</li>



<li>Les fotografies de la temporada les podeu veure clicant <a href="https://www.asep.cat/index.php/2026/01/03/temporada-2011-12/">aquí</a>.</li>
</ul>

<p>Descripció de la temporada Els del Club del SEMAR van tornar a organitzar un altre viatge, aquesta vegada a Astúries. Ens van convidar però mol pocs de la nostra zona s’hi van apuntar, però els que hi vam anar ens ho vam passar molt be al Hotel Aldama Golf. Els camps, tant de Golf com [&hellip;]</p>
