{"id":18409,"date":"2026-07-31T17:39:49","date_gmt":"2026-07-31T15:39:49","guid":{"rendered":"https:\/\/www.asep.cat\/?page_id=18409"},"modified":"2026-08-10T15:12:31","modified_gmt":"2026-08-10T13:12:31","slug":"31-05-2026-aplacament-de-la-ii-copa-asep","status":"publish","type":"page","link":"https:\/\/www.asep.cat\/index.php\/31-05-2026-aplacament-de-la-ii-copa-asep\/","title":{"rendered":"31\/05\/2026 Apla\u00e7ament de la II Copa ASEP"},"content":{"rendered":"\n<p class=\"wp-block-paragraph\">Hola, acabo de veure el pron\u00f2stic del temps al TN i tot i que a mitja setmana sembla que les temperatures es normalitzaran una mica per les dates que estem, pinta un altre pujada per la setmana que ve.<\/p>\n\n\n\n<p class=\"wp-block-paragraph\">Crec que davant del dubte, es millor ser prudents, aix\u00ed que tal com vam parlar la setmana passada, sembla que la millor soluci\u00f3 es ajornar la competici\u00f3 per el proper dimarts dia 8 de setembre, tindrem dos partit en dues setmanes, per\u00f2 es millor aix\u00f2 que fregir-nos a Bon\u00c0rea.<\/p>\n\n\n\n<p class=\"wp-block-paragraph\">Aix\u00ed que s&#8217;apropi la data ja ens anirem posant en contacte.<\/p>\n\n\n\n<p class=\"wp-block-paragraph\">Salut, Josep<\/p>\n","protected":false},"excerpt":{"rendered":"<p>Hola, acabo de veure el pron\u00f2stic del temps al TN i tot i que a mitja setmana sembla que les temperatures es normalitzaran una mica per les dates que estem, pinta un altre pujada per la setmana que ve. Crec que davant del dubte, es millor ser prudents, aix\u00ed que tal com vam parlar la [&hellip;]<\/p>\n","protected":false},"author":5,"featured_media":0,"parent":0,"menu_order":0,"comment_status":"closed","ping_status":"closed","template":"","meta":{"footnotes":""},"c2tw_page_folder":[7],"class_list":["post-18409","page","type-page","status-publish","hentry","c2tw_page_folder-noticies"],"_links":{"self":[{"href":"https:\/\/www.asep.cat\/index.php\/wp-json\/wp\/v2\/pages\/18409","targetHints":{"allow":["GET"]}}],"collection":[{"href":"https:\/\/www.asep.cat\/index.php\/wp-json\/wp\/v2\/pages"}],"about":[{"href":"https:\/\/www.asep.cat\/index.php\/wp-json\/wp\/v2\/types\/page"}],"author":[{"embeddable":true,"href":"https:\/\/www.asep.cat\/index.php\/wp-json\/wp\/v2\/users\/5"}],"replies":[{"embeddable":true,"href":"https:\/\/www.asep.cat\/index.php\/wp-json\/wp\/v2\/comments?post=18409"}],"version-history":[{"count":4,"href":"https:\/\/www.asep.cat\/index.php\/wp-json\/wp\/v2\/pages\/18409\/revisions"}],"predecessor-version":[{"id":19455,"href":"https:\/\/www.asep.cat\/index.php\/wp-json\/wp\/v2\/pages\/18409\/revisions\/19455"}],"wp:attachment":[{"href":"https:\/\/www.asep.cat\/index.php\/wp-json\/wp\/v2\/media?parent=18409"}],"wp:term":[{"taxonomy":"c2tw_page_folder","embeddable":true,"href":"https:\/\/www.asep.cat\/index.php\/wp-json\/wp\/v2\/c2tw_page_folder?post=18409"}],"curies":[{"name":"wp","href":"https:\/\/api.w.org\/{rel}","templated":true}]}}

31/05/2026 Aplaçament de la II Copa ASEP

<p class="wp-block-paragraph">Hola, acabo de veure el pronòstic del temps al TN i tot i que a mitja setmana sembla que les temperatures es normalitzaran una mica per les dates que estem, pinta un altre pujada per la setmana que ve.</p>



<p class="wp-block-paragraph">Crec que davant del dubte, es millor ser prudents, així que tal com vam parlar la setmana passada, sembla que la millor solució es ajornar la competició per el proper dimarts dia 8 de setembre, tindrem dos partit en dues setmanes, però es millor això que fregir-nos a BonÀrea.</p>



<p class="wp-block-paragraph">Així que s&#8217;apropi la data ja ens anirem posant en contacte.</p>



<p class="wp-block-paragraph">Salut, Josep</p>

<p>Hola, acabo de veure el pronòstic del temps al TN i tot i que a mitja setmana sembla que les temperatures es normalitzaran una mica per les dates que estem, pinta un altre pujada per la setmana que ve. Crec que davant del dubte, es millor ser prudents, així que tal com vam parlar la [&hellip;]</p>
