{"id":18391,"date":"2026-07-30T21:17:42","date_gmt":"2026-07-30T19:17:42","guid":{"rendered":"https:\/\/www.asep.cat\/?page_id=18391"},"modified":"2026-08-16T12:35:47","modified_gmt":"2026-08-16T10:35:47","slug":"temporada-2010-11","status":"publish","type":"page","link":"https:\/\/www.asep.cat\/index.php\/temporada-2010-11\/","title":{"rendered":"Temporada 2010\/11"},"content":{"rendered":"\n<h2 class=\"wp-block-heading\">Descripci\u00f3 de la temporada<\/h2>\n\n\n\n<p class=\"wp-block-paragraph\">La organitzaci\u00f3 del l\u2019Intercamps, tal i com me la va passar en Lluis Andr\u00e9s, quan sols \u00e9rem 8 equips, es podia portar de forma molt casolana, es a dir l\u2019Associaci\u00f3 no existia i tot es feia de forma personal.<\/p>\n\n\n\n<p class=\"wp-block-paragraph\">Les classificacions les feia jo amb un Excel, les sortides les coordinava amb el camps, recollia els men\u00fas dels dinar de despr\u00e9s dels partits i ho enviava als camps, fins i tot les aportacions dels drets d\u2019inscripci\u00f3 dels equips, les mantenia en un compta que havia obert al meu nom, espec\u00edficament per l\u2019Intercamps, per\u00f2 la veritat es que ara, amb els 18 equips d\u2019aquesta temporada, el muntant de diners que recoll\u00edem, ja era prou important, com per corre el risc de que Hisenda em crides a l\u2019ordre, aix\u00ed que estava clar que havia arribat el moment, de formalitzar-nos en una associaci\u00f3.<\/p>\n\n\n\n<p class=\"wp-block-paragraph\">Vam fer tots els tr\u00e0mits per formar la Associaci\u00f3 de P&amp;P S\u00e8niors Ponent (ASEP per els amics), sent jo com a president i donada la falta de voluntaris per constituir la primera junta, v\u00e0rem escollir a dit, dos jugadors del Can Rafel per que hi figuressin.<\/p>\n\n\n\n<p class=\"wp-block-paragraph\">Aquesta primera junta va ser:<\/p>\n\n\n\n<div class=\"wp-block-columns is-layout-flex wp-container-core-columns-is-layout-f56f613f wp-block-columns-is-layout-flex\">\n<div class=\"wp-block-column is-layout-flow wp-block-column-is-layout-flow\" style=\"flex-basis:66.66%\">\n<ul class=\"wp-block-list\">\n<li>Josep Balagu\u00e9 i Mu\u00f1oz<\/li>\n\n\n\n<li>\u00c1ngel C, Rodr\u00edguez Li\u00f1an<\/li>\n\n\n\n<li>Antonio Leon i Huguet<\/li>\n<\/ul>\n<\/div>\n\n\n\n<div class=\"wp-block-column is-layout-flow wp-block-column-is-layout-flow\" style=\"flex-basis:33.33%\">\n<ul class=\"wp-block-list\">\n<li>(President)<\/li>\n\n\n\n<li>(Secretari)<\/li>\n\n\n\n<li>(Tresorer)<\/li>\n<\/ul>\n<\/div>\n<\/div>\n\n\n\n<p class=\"wp-block-paragraph\">Una vegada legalitzada l\u2019Associaci\u00f3, v\u00e0rem poder obrir un compte al banc amb el NIF de l\u2019Associaci\u00f3 i em vaig treure de sobre el risc de tenir problemes fiscals.<\/p>\n\n\n\n<p class=\"wp-block-paragraph\">Al poc temps l\u2019\u00c0ngel em va demanar sortir de la junta i qui el va substituir, va ser en Sebasti\u00e0 P\u00e9rez.<\/p>\n\n\n\n<p class=\"wp-block-paragraph\">Com a nota social, junt amb els companys del SEMAR i aprofitant que es any Jacobeu, per setembre v\u00e0rem organitzar un viatge a Gal\u00edcia, que en un principi havia de ser una competici\u00f3 amb els s\u00e8niors d\u2019all\u00e0, per\u00f2 no va poder ser per falta de participaci\u00f3 d\u2019ells, aix\u00ed que finalment va acabant sent mes aviat un viatge recreatiu, excepte al Pazo de Touza on s\u00ed que vam poder competir amb una bona selecci\u00f3 de jugadors locals.<\/p>\n\n\n\n<p class=\"wp-block-paragraph\">Vist el bon record d\u2019aquest viatge, ens vam animar a organitzar-ne un altre, aquesta vegada a Navarra i aqu\u00ed es va complir la dita, de que mai segones parts van ser bones, ens va ploure, els camps que vam anar no estaven en bones condicions, en fi, no va estar a l\u2019al\u00e7ada del de Galicia.<\/p>\n\n\n\n<h2 class=\"wp-block-heading\">IV Intercamps<\/h2>\n\n\n\n<p class=\"wp-block-paragraph\">Per mes voltes que li vam donar, no hi vam trobar cap forma d\u2019encabir-ho tot en una sola divisi\u00f3, aix\u00ed dons, ens estrenem en dues divisions de 8 equips a cada una i assumir, que definitivament perdr\u00edem aquella proximitat que hav\u00edem aconseguit tenir.<\/p>\n\n\n\n<p class=\"wp-block-paragraph\">V\u00e0rem considerar la possibilitat de organitzar-les per proximitat geogr\u00e0fica, per\u00f2 tampoc estalviar\u00edem molts kil\u00f2metres i a mes corr\u00edem el risc de que amb la coincid\u00e8ncies sempre dels mateixos equips, acab\u00e9ssim sent una competici\u00f3 molt endog\u00e0mica i repetitiva, aix\u00ed dons, vam decidir que les dues divisions les construir\u00edem per nivell de joc, tal i com ja feien els del SEMAR.<\/p>\n\n\n\n<p class=\"wp-block-paragraph\">Aquest any, entra en el circuit l\u2019equip de La Graiera, capitanejada per en Josep M\u00aa Vidal i l&#8217;equip de Sant Jaume Nou, passa a nomenar-se Sant Jaume 1994<\/p>\n\n\n\n<p class=\"wp-block-paragraph\">Aquest camp, al principi, aparentava del tot be, per\u00f2 ja en el primer partit, la pujada del forat 17 al 18, va esdevenir com massa dura per una bona part dels jugadors, per resoldre el problema, els gestors del camp, em deixaven un buggy i au, pujant els jugadors de tres en tres de forat a forat!!! Cada partit que f\u00e8iem all\u00e0 era com un viacrucis!!<\/p>\n\n\n\n<p class=\"wp-block-paragraph\">Com hem dit, enguany se&#8217;ns ajunta l&#8217;equip de:<\/p>\n\n\n\n<ul class=\"wp-block-list\">\n<li>LA GRAIERA<\/li>\n<\/ul>\n\n\n\n<h4 class=\"wp-block-heading\">Els equips del IV Intercamps Ponent van ser:<\/h4>\n\n\n\n<div class=\"wp-block-columns is-layout-flex wp-container-core-columns-is-layout-f56f613f wp-block-columns-is-layout-flex\">\n<div class=\"wp-block-column is-layout-flow wp-block-column-is-layout-flow\">\n<p class=\"wp-block-paragraph\"><em>1a divisi\u00f3<\/em><\/p>\n\n\n\n<ol class=\"wp-block-list\">\n<li class=\"has-medium-font-size\">BELLPUIG<\/li>\n\n\n\n<li class=\"has-medium-font-size\">BON\u00c0REA<\/li>\n\n\n\n<li class=\"has-medium-font-size\">CAN CUY\u00c0S<\/li>\n\n\n\n<li class=\"has-medium-font-size\">CAN RAFEL TRADE<\/li>\n\n\n\n<li class=\"has-medium-font-size\">LLEIDA PONENT<\/li>\n\n\n\n<li class=\"has-medium-font-size\">ROC3<\/li>\n\n\n\n<li class=\"has-medium-font-size\">SANT JAUME PENED\u00c8S<\/li>\n\n\n\n<li class=\"has-medium-font-size\">TEICO L&#8217;AMPOLLA<\/li>\n<\/ol>\n<\/div>\n\n\n\n<div class=\"wp-block-column is-layout-flow wp-block-column-is-layout-flow\">\n<p class=\"wp-block-paragraph\"><em>2a divisi\u00f3<\/em><\/p>\n\n\n\n<ol class=\"wp-block-list\">\n<li class=\"has-medium-font-size\">EL VALL\u00c8S<\/li>\n\n\n\n<li class=\"has-medium-font-size\">EL VENDRELL A<\/li>\n\n\n\n<li class=\"has-medium-font-size\">EL VENDRELL B<\/li>\n\n\n\n<li class=\"has-medium-font-size\">LA GRAIERA<\/li>\n\n\n\n<li class=\"has-medium-font-size\">LLEIDA A<\/li>\n\n\n\n<li class=\"has-medium-font-size\">MANRESA SAVA<\/li>\n\n\n\n<li class=\"has-medium-font-size\">PORTAL DEL ROC<\/li>\n\n\n\n<li class=\"has-medium-font-size\">SANT JAUME 1994<\/li>\n<\/ol>\n<\/div>\n<\/div>\n\n\n\n<h2 class=\"wp-block-heading\">IV Interzones<\/h2>\n\n\n\n<p class=\"wp-block-paragraph\">A la IV temporada els camps seleccionats varen ser <\/p>\n\n\n\n<ul class=\"wp-block-list\">\n<li class=\"has-medium-font-size\">Roc3<\/li>\n\n\n\n<li class=\"has-medium-font-size\">Sant Jaume Pened\u00e8s<\/li>\n\n\n\n<li class=\"has-medium-font-size\">Teyco l&#8217;Ampolla<\/li>\n\n\n\n<li class=\"has-medium-font-size\">Can Rafel Trade<\/li>\n<\/ul>\n\n\n\n<p class=\"wp-block-paragraph\">Els guanyadors van ser:<\/p>\n\n\n\n<ul class=\"wp-block-list\">\n<li class=\"has-medium-font-size\">Vallromanes<\/li>\n\n\n\n<li class=\"has-medium-font-size\">HCP1<\/li>\n\n\n\n<li class=\"has-medium-font-size\">Sant Jaume Pened\u00e8s<\/li>\n<\/ul>\n\n\n\n<p class=\"wp-block-paragraph\">Aquesta competici\u00f3 que continuava aparentment normal, ja a l\u2019any passat, va fallar alg\u00fan dels equips a la segona jornada, ja sabeu, no tinc prou gent&#8230; etc<\/p>\n\n\n\n<p class=\"wp-block-paragraph\">Per en aquesta edici\u00f3 ens va quedar clar que la cosa anava per aqu\u00ed, l\u2019assumpte era que als equips que els havia anat malament a la primera jornada, ja no es molestaven d\u2019anar a la segona, total que al HCP1 ens van fallar 4 equips!!!<\/p>\n\n\n\n<p class=\"wp-block-paragraph\">Vista la tend\u00e8ncia, ens va quedar clar que hav\u00edem de fer alguna cosa per la propera edici\u00f3.<\/p>\n\n\n\n<h2 class=\"wp-block-heading\">II Ryder SEMAR vs ASEP<\/h2>\n\n\n\n<p class=\"wp-block-paragraph\">Constatada l&#8217;excel\u00b7lent acollida de la I Ryder, en la que hi va haver empentes par participar al equip, decidim continua tal i com ja hav\u00edem previs d\u2019alternar les seus, aquesta segona edici\u00f3, havia de fer-se a un camps de la zona Est i els companys del SEMAR, van escollir el HCP1 com a camp resident.<\/p>\n\n\n\n<p class=\"wp-block-paragraph\">V\u00e0rem pensar, que per donar un sentiment mes d\u2019equip, seria bo confeccionar un polo, que en aquell moment no era gratu\u00eft, si no que cada jugador el comprava per uns 10\u20ac.<\/p>\n\n\n\n<p class=\"wp-block-paragraph\">El format no el vam canviar va ser igual que a Lleida: tots els partit MatchPlay, amb 12 jugadors individuals, 4 parelles FB, 4 parelles GS i 4 parelles FS, total 36 jugadors.<\/p>\n\n\n\n<p class=\"wp-block-paragraph\">L\u2019estructura de comandament<\/p>\n\n\n\n<ul class=\"wp-block-list\">\n<li>El capit\u00e0 Jugador va ser en\n<ul class=\"wp-block-list\">\n<li><strong>Juanjo Berrio<\/strong><\/li>\n<\/ul>\n<\/li>\n\n\n\n<li>Capitans suplents o de camp\n<ul class=\"wp-block-list\">\n<li>Francisco Oller Navarro<\/li>\n\n\n\n<li>Juan Antonio Orenes Navarro<\/li>\n\n\n\n<li>Miguel Romo Rodriguez<\/li>\n<\/ul>\n<\/li>\n<\/ul>\n\n\n\n<p class=\"wp-block-paragraph\">El resultat ja va comen\u00e7ar a ser el t\u00edpic, es a dir, guanyava l\u2019equip resident a la zona, o sigui, en aquest cas, els guanyadors van ser els companys del:<\/p>\n\n\n\n<h2 class=\"wp-block-heading has-text-align-center\"><strong>SEMAR<\/strong><\/h2>\n\n\n\n<p class=\"wp-block-paragraph\">Per si a alg\u00fa li interessa, tinc la relaci\u00f3 complerta dels jugadors nostres i del SEMAR<\/p>\n\n\n\n<h2 class=\"wp-block-heading\">II Lliga de parelles<\/h2>\n\n\n\n<p class=\"wp-block-paragraph\">Enguany la lliga de paelles, la v\u00e0rem programar a 6 partits,<\/p>\n\n\n\n<ul class=\"wp-block-list\">\n<li class=\"has-medium-font-size\">HCP1<\/li>\n\n\n\n<li class=\"has-medium-font-size\">Oller del Mas<\/li>\n\n\n\n<li class=\"has-medium-font-size\">Sant Cebri\u00e0<\/li>\n\n\n\n<li class=\"has-medium-font-size\">Portal del Roc<\/li>\n\n\n\n<li class=\"has-medium-font-size\">Vallromanes<\/li>\n\n\n\n<li class=\"has-medium-font-size\">Bon\u00c0rea<\/li>\n<\/ul>\n\n\n\n<p class=\"wp-block-paragraph\">Els guanyadors van ser el trio format per:<\/p>\n\n\n\n<ul class=\"wp-block-list\">\n<li>Juan Jos\u00e9 Berrio<\/li>\n\n\n\n<li>Francisco Gonz\u00e0lez<\/li>\n\n\n\n<li>Enric Mart\u00edn<\/li>\n<\/ul>\n\n\n\n<h5 class=\"wp-block-heading\"><em>Resultats i fotos:<\/em><\/h5>\n\n\n\n<ul class=\"wp-block-list\">\n<li>A&nbsp; la pestanya \u201cEl que ja hem fet\u201d podeu consultar \u201cHist\u00f2ric de resultats\u201d<\/li>\n\n\n\n<li>Les fotografies de la temporada les podeu veure clicant <a href=\"https:\/\/www.asep.cat\/index.php\/2026\/01\/05\/temporada-2010-11\/\"><strong><em>aqu\u00ed<\/em><\/strong><\/a>.<\/li>\n<\/ul>\n","protected":false},"excerpt":{"rendered":"<p>Descripci\u00f3 de la temporada La organitzaci\u00f3 del l\u2019Intercamps, tal i com me la va passar en Lluis Andr\u00e9s, quan sols \u00e9rem 8 equips, es podia portar de forma molt casolana, es a dir l\u2019Associaci\u00f3 no existia i tot es feia de forma personal. Les classificacions les feia jo amb un Excel, les sortides les coordinava [&hellip;]<\/p>\n","protected":false},"author":5,"featured_media":0,"parent":0,"menu_order":0,"comment_status":"closed","ping_status":"closed","template":"","meta":{"footnotes":""},"c2tw_page_folder":[137],"class_list":["post-18391","page","type-page","status-publish","hentry","c2tw_page_folder-un-cop-dull-al-passat"],"_links":{"self":[{"href":"https:\/\/www.asep.cat\/index.php\/wp-json\/wp\/v2\/pages\/18391","targetHints":{"allow":["GET"]}}],"collection":[{"href":"https:\/\/www.asep.cat\/index.php\/wp-json\/wp\/v2\/pages"}],"about":[{"href":"https:\/\/www.asep.cat\/index.php\/wp-json\/wp\/v2\/types\/page"}],"author":[{"embeddable":true,"href":"https:\/\/www.asep.cat\/index.php\/wp-json\/wp\/v2\/users\/5"}],"replies":[{"embeddable":true,"href":"https:\/\/www.asep.cat\/index.php\/wp-json\/wp\/v2\/comments?post=18391"}],"version-history":[{"count":37,"href":"https:\/\/www.asep.cat\/index.php\/wp-json\/wp\/v2\/pages\/18391\/revisions"}],"predecessor-version":[{"id":19611,"href":"https:\/\/www.asep.cat\/index.php\/wp-json\/wp\/v2\/pages\/18391\/revisions\/19611"}],"wp:attachment":[{"href":"https:\/\/www.asep.cat\/index.php\/wp-json\/wp\/v2\/media?parent=18391"}],"wp:term":[{"taxonomy":"c2tw_page_folder","embeddable":true,"href":"https:\/\/www.asep.cat\/index.php\/wp-json\/wp\/v2\/c2tw_page_folder?post=18391"}],"curies":[{"name":"wp","href":"https:\/\/api.w.org\/{rel}","templated":true}]}}

<h2 class="wp-block-heading">Descripció de la temporada</h2>



<p class="wp-block-paragraph">La organització del l’Intercamps, tal i com me la va passar en Lluis Andrés, quan sols érem 8 equips, es podia portar de forma molt casolana, es a dir l’Associació no existia i tot es feia de forma personal.</p>



<p class="wp-block-paragraph">Les classificacions les feia jo amb un Excel, les sortides les coordinava amb el camps, recollia els menús dels dinar de després dels partits i ho enviava als camps, fins i tot les aportacions dels drets d’inscripció dels equips, les mantenia en un compta que havia obert al meu nom, específicament per l’Intercamps, però la veritat es que ara, amb els 18 equips d’aquesta temporada, el muntant de diners que recollíem, ja era prou important, com per corre el risc de que Hisenda em crides a l’ordre, així que estava clar que havia arribat el moment, de formalitzar-nos en una associació.</p>



<p class="wp-block-paragraph">Vam fer tots els tràmits per formar la Associació de P&amp;P Sèniors Ponent (ASEP per els amics), sent jo com a president i donada la falta de voluntaris per constituir la primera junta, vàrem escollir a dit, dos jugadors del Can Rafel per que hi figuressin.</p>



<p class="wp-block-paragraph">Aquesta primera junta va ser:</p>



<div class="wp-block-columns is-layout-flex wp-container-core-columns-is-layout-f56f613f wp-block-columns-is-layout-flex">
<div class="wp-block-column is-layout-flow wp-block-column-is-layout-flow" style="flex-basis:66.66%">
<ul class="wp-block-list">
<li>Josep Balagué i Muñoz</li>



<li>Ángel C, Rodríguez Liñan</li>



<li>Antonio Leon i Huguet</li>
</ul>
</div>



<div class="wp-block-column is-layout-flow wp-block-column-is-layout-flow" style="flex-basis:33.33%">
<ul class="wp-block-list">
<li>(President)</li>



<li>(Secretari)</li>



<li>(Tresorer)</li>
</ul>
</div>
</div>



<p class="wp-block-paragraph">Una vegada legalitzada l’Associació, vàrem poder obrir un compte al banc amb el NIF de l’Associació i em vaig treure de sobre el risc de tenir problemes fiscals.</p>



<p class="wp-block-paragraph">Al poc temps l’Àngel em va demanar sortir de la junta i qui el va substituir, va ser en Sebastià Pérez.</p>



<p class="wp-block-paragraph">Com a nota social, junt amb els companys del SEMAR i aprofitant que es any Jacobeu, per setembre vàrem organitzar un viatge a Galícia, que en un principi havia de ser una competició amb els sèniors d’allà, però no va poder ser per falta de participació d’ells, així que finalment va acabant sent mes aviat un viatge recreatiu, excepte al Pazo de Touza on sí que vam poder competir amb una bona selecció de jugadors locals.</p>



<p class="wp-block-paragraph">Vist el bon record d’aquest viatge, ens vam animar a organitzar-ne un altre, aquesta vegada a Navarra i aquí es va complir la dita, de que mai segones parts van ser bones, ens va ploure, els camps que vam anar no estaven en bones condicions, en fi, no va estar a l’alçada del de Galicia.</p>



<h2 class="wp-block-heading">IV Intercamps</h2>



<p class="wp-block-paragraph">Per mes voltes que li vam donar, no hi vam trobar cap forma d’encabir-ho tot en una sola divisió, així dons, ens estrenem en dues divisions de 8 equips a cada una i assumir, que definitivament perdríem aquella proximitat que havíem aconseguit tenir.</p>



<p class="wp-block-paragraph">Vàrem considerar la possibilitat de organitzar-les per proximitat geogràfica, però tampoc estalviaríem molts kilòmetres i a mes corríem el risc de que amb la coincidències sempre dels mateixos equips, acabéssim sent una competició molt endogàmica i repetitiva, així dons, vam decidir que les dues divisions les construiríem per nivell de joc, tal i com ja feien els del SEMAR.</p>



<p class="wp-block-paragraph">Aquest any, entra en el circuit l’equip de La Graiera, capitanejada per en Josep Mª Vidal i l&#8217;equip de Sant Jaume Nou, passa a nomenar-se Sant Jaume 1994</p>



<p class="wp-block-paragraph">Aquest camp, al principi, aparentava del tot be, però ja en el primer partit, la pujada del forat 17 al 18, va esdevenir com massa dura per una bona part dels jugadors, per resoldre el problema, els gestors del camp, em deixaven un buggy i au, pujant els jugadors de tres en tres de forat a forat!!! Cada partit que fèiem allà era com un viacrucis!!</p>



<p class="wp-block-paragraph">Com hem dit, enguany se&#8217;ns ajunta l&#8217;equip de:</p>



<ul class="wp-block-list">
<li>LA GRAIERA</li>
</ul>



<h4 class="wp-block-heading">Els equips del IV Intercamps Ponent van ser:</h4>



<div class="wp-block-columns is-layout-flex wp-container-core-columns-is-layout-f56f613f wp-block-columns-is-layout-flex">
<div class="wp-block-column is-layout-flow wp-block-column-is-layout-flow">
<p class="wp-block-paragraph"><em>1a divisió</em></p>



<ol class="wp-block-list">
<li class="has-medium-font-size">BELLPUIG</li>



<li class="has-medium-font-size">BONÀREA</li>



<li class="has-medium-font-size">CAN CUYÀS</li>



<li class="has-medium-font-size">CAN RAFEL TRADE</li>



<li class="has-medium-font-size">LLEIDA PONENT</li>



<li class="has-medium-font-size">ROC3</li>



<li class="has-medium-font-size">SANT JAUME PENEDÈS</li>



<li class="has-medium-font-size">TEICO L&#8217;AMPOLLA</li>
</ol>
</div>



<div class="wp-block-column is-layout-flow wp-block-column-is-layout-flow">
<p class="wp-block-paragraph"><em>2a divisió</em></p>



<ol class="wp-block-list">
<li class="has-medium-font-size">EL VALLÈS</li>



<li class="has-medium-font-size">EL VENDRELL A</li>



<li class="has-medium-font-size">EL VENDRELL B</li>



<li class="has-medium-font-size">LA GRAIERA</li>



<li class="has-medium-font-size">LLEIDA A</li>



<li class="has-medium-font-size">MANRESA SAVA</li>



<li class="has-medium-font-size">PORTAL DEL ROC</li>



<li class="has-medium-font-size">SANT JAUME 1994</li>
</ol>
</div>
</div>



<h2 class="wp-block-heading">IV Interzones</h2>



<p class="wp-block-paragraph">A la IV temporada els camps seleccionats varen ser </p>



<ul class="wp-block-list">
<li class="has-medium-font-size">Roc3</li>



<li class="has-medium-font-size">Sant Jaume Penedès</li>



<li class="has-medium-font-size">Teyco l&#8217;Ampolla</li>



<li class="has-medium-font-size">Can Rafel Trade</li>
</ul>



<p class="wp-block-paragraph">Els guanyadors van ser:</p>



<ul class="wp-block-list">
<li class="has-medium-font-size">Vallromanes</li>



<li class="has-medium-font-size">HCP1</li>



<li class="has-medium-font-size">Sant Jaume Penedès</li>
</ul>



<p class="wp-block-paragraph">Aquesta competició que continuava aparentment normal, ja a l’any passat, va fallar algún dels equips a la segona jornada, ja sabeu, no tinc prou gent&#8230; etc</p>



<p class="wp-block-paragraph">Per en aquesta edició ens va quedar clar que la cosa anava per aquí, l’assumpte era que als equips que els havia anat malament a la primera jornada, ja no es molestaven d’anar a la segona, total que al HCP1 ens van fallar 4 equips!!!</p>



<p class="wp-block-paragraph">Vista la tendència, ens va quedar clar que havíem de fer alguna cosa per la propera edició.</p>



<h2 class="wp-block-heading">II Ryder SEMAR vs ASEP</h2>



<p class="wp-block-paragraph">Constatada l&#8217;excel·lent acollida de la I Ryder, en la que hi va haver empentes par participar al equip, decidim continua tal i com ja havíem previs d’alternar les seus, aquesta segona edició, havia de fer-se a un camps de la zona Est i els companys del SEMAR, van escollir el HCP1 com a camp resident.</p>



<p class="wp-block-paragraph">Vàrem pensar, que per donar un sentiment mes d’equip, seria bo confeccionar un polo, que en aquell moment no era gratuït, si no que cada jugador el comprava per uns 10€.</p>



<p class="wp-block-paragraph">El format no el vam canviar va ser igual que a Lleida: tots els partit MatchPlay, amb 12 jugadors individuals, 4 parelles FB, 4 parelles GS i 4 parelles FS, total 36 jugadors.</p>



<p class="wp-block-paragraph">L’estructura de comandament</p>



<ul class="wp-block-list">
<li>El capità Jugador va ser en
<ul class="wp-block-list">
<li><strong>Juanjo Berrio</strong></li>
</ul>
</li>



<li>Capitans suplents o de camp
<ul class="wp-block-list">
<li>Francisco Oller Navarro</li>



<li>Juan Antonio Orenes Navarro</li>



<li>Miguel Romo Rodriguez</li>
</ul>
</li>
</ul>



<p class="wp-block-paragraph">El resultat ja va començar a ser el típic, es a dir, guanyava l’equip resident a la zona, o sigui, en aquest cas, els guanyadors van ser els companys del:</p>



<h2 class="wp-block-heading has-text-align-center"><strong>SEMAR</strong></h2>



<p class="wp-block-paragraph">Per si a algú li interessa, tinc la relació complerta dels jugadors nostres i del SEMAR</p>



<h2 class="wp-block-heading">II Lliga de parelles</h2>



<p class="wp-block-paragraph">Enguany la lliga de paelles, la vàrem programar a 6 partits,</p>



<ul class="wp-block-list">
<li class="has-medium-font-size">HCP1</li>



<li class="has-medium-font-size">Oller del Mas</li>



<li class="has-medium-font-size">Sant Cebrià</li>



<li class="has-medium-font-size">Portal del Roc</li>



<li class="has-medium-font-size">Vallromanes</li>



<li class="has-medium-font-size">BonÀrea</li>
</ul>



<p class="wp-block-paragraph">Els guanyadors van ser el trio format per:</p>



<ul class="wp-block-list">
<li>Juan José Berrio</li>



<li>Francisco Gonzàlez</li>



<li>Enric Martín</li>
</ul>



<h5 class="wp-block-heading"><em>Resultats i fotos:</em></h5>



<ul class="wp-block-list">
<li>A&nbsp; la pestanya “El que ja hem fet” podeu consultar “Històric de resultats”</li>



<li>Les fotografies de la temporada les podeu veure clicant <a href="https://www.asep.cat/index.php/2026/01/05/temporada-2010-11/"><strong><em>aquí</em></strong></a>.</li>
</ul>

<p>Descripció de la temporada La organització del l’Intercamps, tal i com me la va passar en Lluis Andrés, quan sols érem 8 equips, es podia portar de forma molt casolana, es a dir l’Associació no existia i tot es feia de forma personal. Les classificacions les feia jo amb un Excel, les sortides les coordinava [&hellip;]</p>
