{"id":18378,"date":"2026-07-30T18:52:18","date_gmt":"2026-07-30T16:52:18","guid":{"rendered":"https:\/\/www.asep.cat\/?page_id=18378"},"modified":"2026-08-16T11:25:02","modified_gmt":"2026-08-16T09:25:02","slug":"ii-temporada-2008-09","status":"publish","type":"page","link":"https:\/\/www.asep.cat\/index.php\/ii-temporada-2008-09\/","title":{"rendered":"Temporada 2008\/09"},"content":{"rendered":"\n<h2 class=\"wp-block-heading\">Descripci\u00f3 de la temporada<\/h2>\n\n\n\n<h2 class=\"wp-block-heading\">II Intercamps<\/h2>\n\n\n\n<p class=\"wp-block-paragraph\">Segona temporada, continuem amb les mateixes pautes, per\u00f2 amb dues novetats, la primera es que l\u2019Eduard, donada la indifer\u00e8ncia de la Figuerola per tenir un equip s\u00e8niors i com de malament ens van tractar en el dinar de fi de partit, pren la decisi\u00f3 de canviar de camp resident a l\u2019Ampolla, tots contents, amb aquesta nova seu, el tractament en tots els sentits va ser excel\u00b7lent.<\/p>\n\n\n\n<p class=\"wp-block-paragraph\">L\u2019altre novetat i molt important, es la incorporaci\u00f3 del primer equip de Bon\u00c0rea, aix\u00ed que el circuit, en lloc de tenir 8 partits, passa a ser de 9.<\/p>\n\n\n\n<p class=\"wp-block-paragraph\">Amb els companys del SEMAR v\u00e0rem tenir unes discrep\u00e0ncies sobre la forma de fer els partits finals Inter zones, aix\u00f2 ens va portar a la necessitat de fer un nou reglament per el Play Off d\u2019enguany, on, entre altres coses, s\u2019especifica que a nivell de puntuaci\u00f3, tant en Scratch com a HCP, valdran els resultat de les 4 parelles, no de tres com era en la temporada regular.<\/p>\n\n\n\n<p class=\"wp-block-paragraph\">La revista de Forat 18, s\u2019assabenta de la nostra exist\u00e8ncia i demana que els hi fem una petita cr\u00f2nica del circuit i naturalment es en Lluis com a coordinador, qui la fa.<\/p>\n\n\n\n<p class=\"wp-block-paragraph\">Un altre novetat d\u2019aquesta temporada es que en Lluis, a mi realment no em va quedar clar el per que ho va fer, en un partit, penso que va ser a Can Cuy\u00e0s, em va comunicar la seva intenci\u00f3 de deixar la organitzaci\u00f3 de Ponent i em va proposar si jo estaria disposat a fer-me\u2019n c\u00e0rrec, jo, despr\u00e9s de meditar-ho uns dies, vaig acceptar-ho, per\u00f2 ja per la propera temporada.<\/p>\n\n\n\n<p class=\"wp-block-paragraph\">Al entrar en detall del trasp\u00e0s, vaig veure que la Federaci\u00f3 ens assignava una subvenci\u00f3 de 2000\u20ac per els s\u00e8niors, que inicialment, abans d\u2019existir nosaltres anaven al SEMAR, per\u00f2 que a la temporada passada ho havien repartit a 1.500\u20ac per ells i 500 per nosaltres, en Lluis i jo vam negociar amb la Federaci\u00f3 que el repartiment havia de ser mes equitatiu i la cosa va quedar amb mitat i mitat.<\/p>\n\n\n\n<p class=\"wp-block-paragraph\">Enguany se&#8217;ns ajunta un equip mes, es en Bon\u00c0rea i en serem 9<\/p>\n\n\n\n<h4 class=\"wp-block-heading\">Els equips participants en el II Intercamps Ponent van ser:<\/h4>\n\n\n\n<ol class=\"wp-block-list\">\n<li class=\"has-medium-font-size\">BELLPUIG&nbsp;&nbsp;&nbsp;&nbsp;&nbsp;&nbsp;&nbsp;&nbsp;&nbsp;&nbsp;&nbsp;&nbsp;&nbsp;&nbsp;&nbsp;&nbsp;&nbsp;&nbsp;&nbsp;&nbsp;&nbsp;&nbsp;&nbsp;&nbsp;&nbsp;&nbsp;&nbsp;&nbsp;&nbsp;&nbsp;&nbsp;&nbsp;&nbsp;&nbsp;&nbsp;&nbsp;&nbsp;&nbsp;&nbsp;&nbsp;&nbsp; 6.&nbsp;LLEIDA-PONENT<\/li>\n\n\n\n<li class=\"has-medium-font-size\">BON\u00c0REA&nbsp;&nbsp;&nbsp;&nbsp;&nbsp;&nbsp;&nbsp;&nbsp;&nbsp;&nbsp;&nbsp;&nbsp;&nbsp;&nbsp;&nbsp;&nbsp;&nbsp;&nbsp;&nbsp;&nbsp;&nbsp;&nbsp;&nbsp;&nbsp;&nbsp;&nbsp;&nbsp;&nbsp;&nbsp;&nbsp;&nbsp;&nbsp;&nbsp;&nbsp;&nbsp;&nbsp;&nbsp;&nbsp;&nbsp;&nbsp;&nbsp; 7.&nbsp;LLEIDA-A<\/li>\n\n\n\n<li class=\"has-medium-font-size\">CAN CUYAS&nbsp;&nbsp;&nbsp;&nbsp;&nbsp;&nbsp;&nbsp;&nbsp;&nbsp;&nbsp;&nbsp;&nbsp;&nbsp;&nbsp;&nbsp;&nbsp;&nbsp;&nbsp;&nbsp;&nbsp;&nbsp;&nbsp;&nbsp;&nbsp;&nbsp;&nbsp;&nbsp;&nbsp;&nbsp;&nbsp;&nbsp;&nbsp;&nbsp;&nbsp;&nbsp;&nbsp;&nbsp;&nbsp; 8.&nbsp;SANT JAUME PENED\u00c8S<\/li>\n\n\n\n<li class=\"has-medium-font-size\">CAN RAFEL&nbsp;&nbsp;&nbsp;&nbsp;&nbsp;&nbsp;&nbsp;&nbsp;&nbsp;&nbsp;&nbsp;&nbsp;&nbsp;&nbsp;&nbsp;&nbsp;&nbsp;&nbsp;&nbsp;&nbsp;&nbsp;&nbsp;&nbsp;&nbsp;&nbsp;&nbsp;&nbsp;&nbsp;&nbsp;&nbsp;&nbsp;&nbsp;&nbsp;&nbsp;&nbsp;&nbsp;&nbsp;&nbsp;&nbsp; 9.&nbsp;VENDRELL<\/li>\n\n\n\n<li class=\"has-medium-font-size\">COSTA DAURADA<\/li>\n<\/ol>\n\n\n\n<p class=\"wp-block-paragraph\">Com podeu veure al \u00abHist\u00f2ric de Resultats\u00bb aquesta temporada, l\u2019equip de Can Rafel es va refor\u00e7ar amb una bona quantitat de jugadors, molts d\u2019ells eren habituals del ROC 3 que encara no tenia equip s\u00e8nior i que en aquell moment estaven en una excel\u00b7lent forma i els resultats es van notar.<\/p>\n\n\n\n<h4 class=\"wp-block-heading\">El guanyador de la temporada va ser:<\/h4>\n\n\n\n<h4 class=\"wp-block-heading has-text-align-center\"><strong>CAN RAFEL TRADE<\/strong><\/h4>\n\n\n\n<p class=\"wp-block-paragraph\">En aquesta segona temporada, segons l\u2019acord que van arribar amb els companys del SEMAR, la final Inter zones es va jugar a doble partit a Sant Jaume i Franciac, com podeu veure els companys de SANT JAUME PENED\u00c8S van fer un segon partit excel\u00b7lent i <\/p>\n\n\n\n<h4 class=\"wp-block-heading\">Els campions de Catalunya van ser<\/h4>\n\n\n\n<h4 class=\"wp-block-heading has-text-align-center\"><strong>SANT JAUME PENED\u00c8S<\/strong><\/h4>\n\n\n\n<h5 class=\"wp-block-heading\"><em>Resultats i fotografies<\/em><\/h5>\n\n\n\n<ul class=\"wp-block-list\">\n<li>A&nbsp; la pestanya \u201cEl que ja hem fet\u201d podeu consultar \u201cHist\u00f2ric de resultats\u201d<\/li>\n\n\n\n<li>Dissortadament per un problema que vaig tenir en l\u2019ordinador, vaig perdre totes les fotos d\u2019aquella temporada, aix\u00ed que no en podem mostrar-ne cap.<\/li>\n<\/ul>\n","protected":false},"excerpt":{"rendered":"<p>Descripci\u00f3 de la temporada II Intercamps Segona temporada, continuem amb les mateixes pautes, per\u00f2 amb dues novetats, la primera es que l\u2019Eduard, donada la indifer\u00e8ncia de la Figuerola per tenir un equip s\u00e8niors i com de malament ens van tractar en el dinar de fi de partit, pren la decisi\u00f3 de canviar de camp resident [&hellip;]<\/p>\n","protected":false},"author":5,"featured_media":0,"parent":0,"menu_order":0,"comment_status":"closed","ping_status":"closed","template":"","meta":{"footnotes":""},"c2tw_page_folder":[137],"class_list":["post-18378","page","type-page","status-publish","hentry","c2tw_page_folder-un-cop-dull-al-passat"],"_links":{"self":[{"href":"https:\/\/www.asep.cat\/index.php\/wp-json\/wp\/v2\/pages\/18378","targetHints":{"allow":["GET"]}}],"collection":[{"href":"https:\/\/www.asep.cat\/index.php\/wp-json\/wp\/v2\/pages"}],"about":[{"href":"https:\/\/www.asep.cat\/index.php\/wp-json\/wp\/v2\/types\/page"}],"author":[{"embeddable":true,"href":"https:\/\/www.asep.cat\/index.php\/wp-json\/wp\/v2\/users\/5"}],"replies":[{"embeddable":true,"href":"https:\/\/www.asep.cat\/index.php\/wp-json\/wp\/v2\/comments?post=18378"}],"version-history":[{"count":14,"href":"https:\/\/www.asep.cat\/index.php\/wp-json\/wp\/v2\/pages\/18378\/revisions"}],"predecessor-version":[{"id":19602,"href":"https:\/\/www.asep.cat\/index.php\/wp-json\/wp\/v2\/pages\/18378\/revisions\/19602"}],"wp:attachment":[{"href":"https:\/\/www.asep.cat\/index.php\/wp-json\/wp\/v2\/media?parent=18378"}],"wp:term":[{"taxonomy":"c2tw_page_folder","embeddable":true,"href":"https:\/\/www.asep.cat\/index.php\/wp-json\/wp\/v2\/c2tw_page_folder?post=18378"}],"curies":[{"name":"wp","href":"https:\/\/api.w.org\/{rel}","templated":true}]}}

<h2 class="wp-block-heading">Descripció de la temporada</h2>



<h2 class="wp-block-heading">II Intercamps</h2>



<p class="wp-block-paragraph">Segona temporada, continuem amb les mateixes pautes, però amb dues novetats, la primera es que l’Eduard, donada la indiferència de la Figuerola per tenir un equip sèniors i com de malament ens van tractar en el dinar de fi de partit, pren la decisió de canviar de camp resident a l’Ampolla, tots contents, amb aquesta nova seu, el tractament en tots els sentits va ser excel·lent.</p>



<p class="wp-block-paragraph">L’altre novetat i molt important, es la incorporació del primer equip de BonÀrea, així que el circuit, en lloc de tenir 8 partits, passa a ser de 9.</p>



<p class="wp-block-paragraph">Amb els companys del SEMAR vàrem tenir unes discrepàncies sobre la forma de fer els partits finals Inter zones, això ens va portar a la necessitat de fer un nou reglament per el Play Off d’enguany, on, entre altres coses, s’especifica que a nivell de puntuació, tant en Scratch com a HCP, valdran els resultat de les 4 parelles, no de tres com era en la temporada regular.</p>



<p class="wp-block-paragraph">La revista de Forat 18, s’assabenta de la nostra existència i demana que els hi fem una petita crònica del circuit i naturalment es en Lluis com a coordinador, qui la fa.</p>



<p class="wp-block-paragraph">Un altre novetat d’aquesta temporada es que en Lluis, a mi realment no em va quedar clar el per que ho va fer, en un partit, penso que va ser a Can Cuyàs, em va comunicar la seva intenció de deixar la organització de Ponent i em va proposar si jo estaria disposat a fer-me’n càrrec, jo, després de meditar-ho uns dies, vaig acceptar-ho, però ja per la propera temporada.</p>



<p class="wp-block-paragraph">Al entrar en detall del traspàs, vaig veure que la Federació ens assignava una subvenció de 2000€ per els sèniors, que inicialment, abans d’existir nosaltres anaven al SEMAR, però que a la temporada passada ho havien repartit a 1.500€ per ells i 500 per nosaltres, en Lluis i jo vam negociar amb la Federació que el repartiment havia de ser mes equitatiu i la cosa va quedar amb mitat i mitat.</p>



<p class="wp-block-paragraph">Enguany se&#8217;ns ajunta un equip mes, es en BonÀrea i en serem 9</p>



<h4 class="wp-block-heading">Els equips participants en el II Intercamps Ponent van ser:</h4>



<ol class="wp-block-list">
<li class="has-medium-font-size">BELLPUIG&nbsp;&nbsp;&nbsp;&nbsp;&nbsp;&nbsp;&nbsp;&nbsp;&nbsp;&nbsp;&nbsp;&nbsp;&nbsp;&nbsp;&nbsp;&nbsp;&nbsp;&nbsp;&nbsp;&nbsp;&nbsp;&nbsp;&nbsp;&nbsp;&nbsp;&nbsp;&nbsp;&nbsp;&nbsp;&nbsp;&nbsp;&nbsp;&nbsp;&nbsp;&nbsp;&nbsp;&nbsp;&nbsp;&nbsp;&nbsp;&nbsp; 6.&nbsp;LLEIDA-PONENT</li>



<li class="has-medium-font-size">BONÀREA&nbsp;&nbsp;&nbsp;&nbsp;&nbsp;&nbsp;&nbsp;&nbsp;&nbsp;&nbsp;&nbsp;&nbsp;&nbsp;&nbsp;&nbsp;&nbsp;&nbsp;&nbsp;&nbsp;&nbsp;&nbsp;&nbsp;&nbsp;&nbsp;&nbsp;&nbsp;&nbsp;&nbsp;&nbsp;&nbsp;&nbsp;&nbsp;&nbsp;&nbsp;&nbsp;&nbsp;&nbsp;&nbsp;&nbsp;&nbsp;&nbsp; 7.&nbsp;LLEIDA-A</li>



<li class="has-medium-font-size">CAN CUYAS&nbsp;&nbsp;&nbsp;&nbsp;&nbsp;&nbsp;&nbsp;&nbsp;&nbsp;&nbsp;&nbsp;&nbsp;&nbsp;&nbsp;&nbsp;&nbsp;&nbsp;&nbsp;&nbsp;&nbsp;&nbsp;&nbsp;&nbsp;&nbsp;&nbsp;&nbsp;&nbsp;&nbsp;&nbsp;&nbsp;&nbsp;&nbsp;&nbsp;&nbsp;&nbsp;&nbsp;&nbsp;&nbsp; 8.&nbsp;SANT JAUME PENEDÈS</li>



<li class="has-medium-font-size">CAN RAFEL&nbsp;&nbsp;&nbsp;&nbsp;&nbsp;&nbsp;&nbsp;&nbsp;&nbsp;&nbsp;&nbsp;&nbsp;&nbsp;&nbsp;&nbsp;&nbsp;&nbsp;&nbsp;&nbsp;&nbsp;&nbsp;&nbsp;&nbsp;&nbsp;&nbsp;&nbsp;&nbsp;&nbsp;&nbsp;&nbsp;&nbsp;&nbsp;&nbsp;&nbsp;&nbsp;&nbsp;&nbsp;&nbsp;&nbsp; 9.&nbsp;VENDRELL</li>



<li class="has-medium-font-size">COSTA DAURADA</li>
</ol>



<p class="wp-block-paragraph">Com podeu veure al «Històric de Resultats» aquesta temporada, l’equip de Can Rafel es va reforçar amb una bona quantitat de jugadors, molts d’ells eren habituals del ROC 3 que encara no tenia equip sènior i que en aquell moment estaven en una excel·lent forma i els resultats es van notar.</p>



<h4 class="wp-block-heading">El guanyador de la temporada va ser:</h4>



<h4 class="wp-block-heading has-text-align-center"><strong>CAN RAFEL TRADE</strong></h4>



<p class="wp-block-paragraph">En aquesta segona temporada, segons l’acord que van arribar amb els companys del SEMAR, la final Inter zones es va jugar a doble partit a Sant Jaume i Franciac, com podeu veure els companys de SANT JAUME PENEDÈS van fer un segon partit excel·lent i </p>



<h4 class="wp-block-heading">Els campions de Catalunya van ser</h4>



<h4 class="wp-block-heading has-text-align-center"><strong>SANT JAUME PENEDÈS</strong></h4>



<h5 class="wp-block-heading"><em>Resultats i fotografies</em></h5>



<ul class="wp-block-list">
<li>A&nbsp; la pestanya “El que ja hem fet” podeu consultar “Històric de resultats”</li>



<li>Dissortadament per un problema que vaig tenir en l’ordinador, vaig perdre totes les fotos d’aquella temporada, així que no en podem mostrar-ne cap.</li>
</ul>

<p>Descripció de la temporada II Intercamps Segona temporada, continuem amb les mateixes pautes, però amb dues novetats, la primera es que l’Eduard, donada la indiferència de la Figuerola per tenir un equip sèniors i com de malament ens van tractar en el dinar de fi de partit, pren la decisió de canviar de camp resident [&hellip;]</p>
