{"id":18360,"date":"2026-07-29T18:13:57","date_gmt":"2026-07-29T16:13:57","guid":{"rendered":"https:\/\/www.asep.cat\/?page_id=18360"},"modified":"2026-08-04T10:28:19","modified_gmt":"2026-08-04T08:28:19","slug":"els-inicis","status":"publish","type":"page","link":"https:\/\/www.asep.cat\/index.php\/els-inicis\/","title":{"rendered":"Els inicis"},"content":{"rendered":"\n<h2 class=\"wp-block-heading\">De com va comen\u00e7ar tot plegat<\/h2>\n\n\n\n<p class=\"wp-block-paragraph\">De fet la idea de l\u2019Intercamps S\u00e8niors va sortir del Club esportiu SEMAR i mes concretament, del seu fundador en Cinto Saumell.<\/p>\n\n\n\n<p class=\"wp-block-paragraph\">A Sud-Oest de Catalunya no existia res que s\u2019hi assembl\u00e9s, i si be els camps i la gent hi eren, ning\u00fa havia pres la iniciativa de organitzar una cosa aix\u00ed.<\/p>\n\n\n\n<div class=\"wp-block-media-text is-stacked-on-mobile\" style=\"grid-template-columns:17% auto\"><figure class=\"wp-block-media-text__media\"><img loading=\"lazy\" decoding=\"async\" width=\"121\" height=\"160\" src=\"https:\/\/www.asep.cat\/wp-content\/uploads\/2026\/07\/Andres-Lluis.jpg\" alt=\"\" class=\"wp-image-18361 size-full\"\/><\/figure><div class=\"wp-block-media-text__content\">\n<p class=\"wp-block-paragraph\">Fins on jo se, en Llu\u00efs Andr\u00e9s, a Lleida va formar un equip, el de LLEIDA-PONENT que va participar en la segona edici\u00f3 del Intercamps del SEMAR.<\/p>\n<\/div><\/div>\n\n\n\n<p class=\"wp-block-paragraph\">Segons em va dir, del tot l\u00f2gic per altre part, els seus despla\u00e7aments es feien molt costa amunt, aix\u00ed que en Llu\u00efs, va pensar amb la possibilitat de crear un circuit paral\u00b7lel al Intercamps del SEMAR al sud-oest de Catalunya.<\/p>\n\n\n\n<p class=\"wp-block-paragraph\">Dit i fet, va enviar un fax a tots el camps d\u2019aquesta zona, anunciant el prop\u00f2sit de la creaci\u00f3 d\u2019un circuit similar al que ja funcionava al Nord-Est de Catalunya.<\/p>\n\n\n\n<p class=\"wp-block-paragraph\">Per a mi, la primera noticia de tot aix\u00f2 va ser cap a la primavera del l\u2019any 2007, recordo que estava a Can Rafel, esmorzant amb els companys de joc, quant la Marta va venir amb el fax a la ma i em va preguntar si em faria gr\u00e0cia que form\u00e9ssim un equip de s\u00e8niors i, junt amb els que est\u00e0vem all\u00e0, vam pensar que no seria una mala idea, aix\u00ed que em vaig posar en contacte amb en Llu\u00eds.<\/p>\n\n\n\n<p class=\"wp-block-paragraph\">Em va explicar com pensava organitzar-ho i la veritat que vam tenir unes discussions sobre com ho pensava fer, ja que jo no estava d\u2019acord amb algunes de les normes que ell tenia en el cap.<\/p>\n\n\n\n<p class=\"wp-block-paragraph\">Ell es va imposar en quasi tot, la veritat es que ja venia amb la experi\u00e8ncia d\u2019haver jugat una temporada amb l\u2019Intercamps del SEMAR i aix\u00f2 li donava un millor punt de vista del que aport\u00e0vem nosaltres.<\/p>\n\n\n\n<p class=\"wp-block-paragraph\">A la fi, una vegada consensuades les idees, vam acordar comen\u00e7ar al setembre, entre tant, tindr\u00edem temps d\u2019organitzar-nos i formar els equips.<\/p>\n\n\n\n<p class=\"wp-block-paragraph\">En aquest plantejament, tamb\u00e9 s\u2019hi van apuntar els camps de Sant Jaume, Can Cuy\u00e0s, La Figuerola, Sant Jaume, Bellpuig i El Vendrell. <\/p>\n\n\n\n<p class=\"wp-block-paragraph\">Segurament el proc\u00e9s de formaci\u00f3 d\u2019aquests equips va ser similar al nostre, recordo que a Sant Jaume, qui va lider\u00e0 la formaci\u00f3 del equip, va ser en Ram\u00f3n, a Can Cuy\u00e0s va ser la Marta, a La Figuerola, la veritat no ho se, suposo que va ser l\u2019Eduard, a Bellpuig crec que va ser en Rossend i al El Vendrell segurament va ser en Josep M\u00aa Vidal.<\/p>\n\n\n\n<p class=\"wp-block-paragraph\">Amb tots els equips ja formats, ja \u00e9rem a punt del comen\u00e7ament de la primera temporada amb el nom de Intercamps S\u00e8niors Ponent i era la competici\u00f3 per equips del Sud-Oest de Catalunya, espec\u00edfica per a jugadors s\u00e8niors i a difer\u00e8ncia de l\u2019Interclubs, en que participen clubs, al Intercamps nom\u00e9s es jugaria a camps que tinguessin equip.<\/p>\n\n\n\n<p class=\"wp-block-paragraph\">En Lluis, despr\u00e9s d\u2019haver vist el primer esborrany d&#8217;aquest relat, a mes d\u2019estar d\u2019acord amb el que es diu de la seva \u00e8poca, vol que faci constar el seu agra\u00efment a gent tal com en Ram\u00f3n, en Joaquim (Quimet) i en general tota la resta de companys de Torre-serona, que el van ajudar a posar en marxa el circuit Ponent. <\/p>\n\n\n\n<p class=\"wp-block-paragraph\">Tamb\u00e9 vol que faci esment, donada la seva situaci\u00f3 personal, al que li va costar de convencem per passar-me la direcci\u00f3 del circuit, ja que tenia molt clar, que era jo qui havia de continuar el projecta, decisi\u00f3 de la que ara se\u2019n sent molt orgull\u00f3s, al veure fins on em arribat.<\/p>\n","protected":false},"excerpt":{"rendered":"<p>De com va comen\u00e7ar tot plegat De fet la idea de l\u2019Intercamps S\u00e8niors va sortir del Club esportiu SEMAR i mes concretament, del seu fundador en Cinto Saumell. A Sud-Oest de Catalunya no existia res que s\u2019hi assembl\u00e9s, i si be els camps i la gent hi eren, ning\u00fa havia pres la iniciativa de organitzar [&hellip;]<\/p>\n","protected":false},"author":5,"featured_media":0,"parent":0,"menu_order":0,"comment_status":"closed","ping_status":"closed","template":"","meta":{"footnotes":""},"c2tw_page_folder":[137],"class_list":["post-18360","page","type-page","status-publish","hentry","c2tw_page_folder-un-cop-dull-al-passat"],"_links":{"self":[{"href":"https:\/\/www.asep.cat\/index.php\/wp-json\/wp\/v2\/pages\/18360","targetHints":{"allow":["GET"]}}],"collection":[{"href":"https:\/\/www.asep.cat\/index.php\/wp-json\/wp\/v2\/pages"}],"about":[{"href":"https:\/\/www.asep.cat\/index.php\/wp-json\/wp\/v2\/types\/page"}],"author":[{"embeddable":true,"href":"https:\/\/www.asep.cat\/index.php\/wp-json\/wp\/v2\/users\/5"}],"replies":[{"embeddable":true,"href":"https:\/\/www.asep.cat\/index.php\/wp-json\/wp\/v2\/comments?post=18360"}],"version-history":[{"count":3,"href":"https:\/\/www.asep.cat\/index.php\/wp-json\/wp\/v2\/pages\/18360\/revisions"}],"predecessor-version":[{"id":18586,"href":"https:\/\/www.asep.cat\/index.php\/wp-json\/wp\/v2\/pages\/18360\/revisions\/18586"}],"wp:attachment":[{"href":"https:\/\/www.asep.cat\/index.php\/wp-json\/wp\/v2\/media?parent=18360"}],"wp:term":[{"taxonomy":"c2tw_page_folder","embeddable":true,"href":"https:\/\/www.asep.cat\/index.php\/wp-json\/wp\/v2\/c2tw_page_folder?post=18360"}],"curies":[{"name":"wp","href":"https:\/\/api.w.org\/{rel}","templated":true}]}}

<h2 class="wp-block-heading">De com va començar tot plegat</h2>



<p class="wp-block-paragraph">De fet la idea de l’Intercamps Sèniors va sortir del Club esportiu SEMAR i mes concretament, del seu fundador en Cinto Saumell.</p>



<p class="wp-block-paragraph">A Sud-Oest de Catalunya no existia res que s’hi assemblés, i si be els camps i la gent hi eren, ningú havia pres la iniciativa de organitzar una cosa així.</p>



<div class="wp-block-media-text is-stacked-on-mobile" style="grid-template-columns:17% auto"><figure class="wp-block-media-text__media"><img loading="lazy" decoding="async" width="121" height="160" src="https://www.asep.cat/wp-content/uploads/2026/07/Andres-Lluis.jpg" alt="" class="wp-image-18361 size-full"/></figure><div class="wp-block-media-text__content">
<p class="wp-block-paragraph">Fins on jo se, en Lluïs Andrés, a Lleida va formar un equip, el de LLEIDA-PONENT que va participar en la segona edició del Intercamps del SEMAR.</p>
</div></div>



<p class="wp-block-paragraph">Segons em va dir, del tot lògic per altre part, els seus desplaçaments es feien molt costa amunt, així que en Lluïs, va pensar amb la possibilitat de crear un circuit paral·lel al Intercamps del SEMAR al sud-oest de Catalunya.</p>



<p class="wp-block-paragraph">Dit i fet, va enviar un fax a tots el camps d’aquesta zona, anunciant el propòsit de la creació d’un circuit similar al que ja funcionava al Nord-Est de Catalunya.</p>



<p class="wp-block-paragraph">Per a mi, la primera noticia de tot això va ser cap a la primavera del l’any 2007, recordo que estava a Can Rafel, esmorzant amb els companys de joc, quant la Marta va venir amb el fax a la ma i em va preguntar si em faria gràcia que forméssim un equip de sèniors i, junt amb els que estàvem allà, vam pensar que no seria una mala idea, així que em vaig posar en contacte amb en Lluís.</p>



<p class="wp-block-paragraph">Em va explicar com pensava organitzar-ho i la veritat que vam tenir unes discussions sobre com ho pensava fer, ja que jo no estava d’acord amb algunes de les normes que ell tenia en el cap.</p>



<p class="wp-block-paragraph">Ell es va imposar en quasi tot, la veritat es que ja venia amb la experiència d’haver jugat una temporada amb l’Intercamps del SEMAR i això li donava un millor punt de vista del que aportàvem nosaltres.</p>



<p class="wp-block-paragraph">A la fi, una vegada consensuades les idees, vam acordar començar al setembre, entre tant, tindríem temps d’organitzar-nos i formar els equips.</p>



<p class="wp-block-paragraph">En aquest plantejament, també s’hi van apuntar els camps de Sant Jaume, Can Cuyàs, La Figuerola, Sant Jaume, Bellpuig i El Vendrell. </p>



<p class="wp-block-paragraph">Segurament el procés de formació d’aquests equips va ser similar al nostre, recordo que a Sant Jaume, qui va liderà la formació del equip, va ser en Ramón, a Can Cuyàs va ser la Marta, a La Figuerola, la veritat no ho se, suposo que va ser l’Eduard, a Bellpuig crec que va ser en Rossend i al El Vendrell segurament va ser en Josep Mª Vidal.</p>



<p class="wp-block-paragraph">Amb tots els equips ja formats, ja érem a punt del començament de la primera temporada amb el nom de Intercamps Sèniors Ponent i era la competició per equips del Sud-Oest de Catalunya, específica per a jugadors sèniors i a diferència de l’Interclubs, en que participen clubs, al Intercamps només es jugaria a camps que tinguessin equip.</p>



<p class="wp-block-paragraph">En Lluis, després d’haver vist el primer esborrany d&#8217;aquest relat, a mes d’estar d’acord amb el que es diu de la seva època, vol que faci constar el seu agraïment a gent tal com en Ramón, en Joaquim (Quimet) i en general tota la resta de companys de Torre-serona, que el van ajudar a posar en marxa el circuit Ponent. </p>



<p class="wp-block-paragraph">També vol que faci esment, donada la seva situació personal, al que li va costar de convencem per passar-me la direcció del circuit, ja que tenia molt clar, que era jo qui havia de continuar el projecta, decisió de la que ara se’n sent molt orgullós, al veure fins on em arribat.</p>

<p>De com va començar tot plegat De fet la idea de l’Intercamps Sèniors va sortir del Club esportiu SEMAR i mes concretament, del seu fundador en Cinto Saumell. A Sud-Oest de Catalunya no existia res que s’hi assemblés, i si be els camps i la gent hi eren, ningú havia pres la iniciativa de organitzar [&hellip;]</p>
