{"id":18356,"date":"2026-07-29T17:43:41","date_gmt":"2026-07-29T15:43:41","guid":{"rendered":"https:\/\/www.asep.cat\/?page_id=18356"},"modified":"2026-08-04T10:31:25","modified_gmt":"2026-08-04T08:31:25","slug":"proleg","status":"publish","type":"page","link":"https:\/\/www.asep.cat\/index.php\/proleg\/","title":{"rendered":"Pr\u00f2leg"},"content":{"rendered":"\n<p class=\"wp-block-paragraph\">Aquest es un recull de fets guardats exclusivament en la meva mem\u00f2ria, es a dir, el que exposo es el que jo recordo i des del meu punt de vista.<\/p>\n\n\n\n<p class=\"wp-block-paragraph\">Es possible que alg\u00fa dels participants tinguin altres records o punts de vista, es per aix\u00f2 que sempre que he pogut, he fet us d\u2019opinions diverses, tot i que quant mes llunyans en el temps son els fets, mes dif\u00edcil es recorre a la mem\u00f2ria de tots nosaltres.<\/p>\n\n\n\n<p class=\"wp-block-paragraph\">Jo sempre he estat participant en l\u2019equip de Can Rafel i penso distanciar-me el m\u00e0xim d\u2019aquest circumst\u00e0ncia, a l\u2019hora de fer questa descripci\u00f3, no se si ser\u00e9 capa\u00e7 de que en la redacci\u00f3, no se\u2019m noti la meva vinculaci\u00f3 a aquest equip<\/p>\n\n\n\n<p class=\"wp-block-paragraph\">El relat est\u00e0 organitzat per temporades, en cada una d\u2019elles faig refer\u00e8ncia als tipus de competicions que hi vam fer, classificacions, material que he pogut conservar i an\u00e8cdotes.<\/p>\n\n\n\n<p class=\"wp-block-paragraph\">En l\u2019apartat de fotografies he posat algunes de les fotos del circuit. Durant la primera temporada, jo tan sols era el capit\u00e0 del Can Rafel, aix\u00f2 explica que la major part d\u2019aquelles fotos fossin d\u2019aquest equip, de qualsevol manera podeu veure la totalitat de les fotos fetes al llarg d\u2019aquests anys, consultant el web de la Associaci\u00f3 que trobareu a aquest portal:<\/p>\n\n\n\n<p class=\"has-text-align-center wp-block-paragraph\">www.asep.cat<\/p>\n\n\n\n<p class=\"wp-block-paragraph\">Al final d\u2019aquest enlla\u00e7 hi ha una llista de tots els capitans que han participat en els Intercamps i tamb\u00e9 un resum dels guanyadors de totes les competicions que hem organitzar al llarg de totes aquestes temporades.<\/p>\n\n\n\n<p class=\"wp-block-paragraph\">Salut a tots, Josep<\/p>\n","protected":false},"excerpt":{"rendered":"<p>Aquest es un recull de fets guardats exclusivament en la meva mem\u00f2ria, es a dir, el que exposo es el que jo recordo i des del meu punt de vista. Es possible que alg\u00fa dels participants tinguin altres records o punts de vista, es per aix\u00f2 que sempre que he pogut, he fet us d\u2019opinions [&hellip;]<\/p>\n","protected":false},"author":5,"featured_media":0,"parent":0,"menu_order":0,"comment_status":"closed","ping_status":"closed","template":"","meta":{"footnotes":""},"c2tw_page_folder":[137],"class_list":["post-18356","page","type-page","status-publish","hentry","c2tw_page_folder-un-cop-dull-al-passat"],"_links":{"self":[{"href":"https:\/\/www.asep.cat\/index.php\/wp-json\/wp\/v2\/pages\/18356","targetHints":{"allow":["GET"]}}],"collection":[{"href":"https:\/\/www.asep.cat\/index.php\/wp-json\/wp\/v2\/pages"}],"about":[{"href":"https:\/\/www.asep.cat\/index.php\/wp-json\/wp\/v2\/types\/page"}],"author":[{"embeddable":true,"href":"https:\/\/www.asep.cat\/index.php\/wp-json\/wp\/v2\/users\/5"}],"replies":[{"embeddable":true,"href":"https:\/\/www.asep.cat\/index.php\/wp-json\/wp\/v2\/comments?post=18356"}],"version-history":[{"count":2,"href":"https:\/\/www.asep.cat\/index.php\/wp-json\/wp\/v2\/pages\/18356\/revisions"}],"predecessor-version":[{"id":18587,"href":"https:\/\/www.asep.cat\/index.php\/wp-json\/wp\/v2\/pages\/18356\/revisions\/18587"}],"wp:attachment":[{"href":"https:\/\/www.asep.cat\/index.php\/wp-json\/wp\/v2\/media?parent=18356"}],"wp:term":[{"taxonomy":"c2tw_page_folder","embeddable":true,"href":"https:\/\/www.asep.cat\/index.php\/wp-json\/wp\/v2\/c2tw_page_folder?post=18356"}],"curies":[{"name":"wp","href":"https:\/\/api.w.org\/{rel}","templated":true}]}}

Pròleg

<p class="wp-block-paragraph">Aquest es un recull de fets guardats exclusivament en la meva memòria, es a dir, el que exposo es el que jo recordo i des del meu punt de vista.</p>



<p class="wp-block-paragraph">Es possible que algú dels participants tinguin altres records o punts de vista, es per això que sempre que he pogut, he fet us d’opinions diverses, tot i que quant mes llunyans en el temps son els fets, mes difícil es recorre a la memòria de tots nosaltres.</p>



<p class="wp-block-paragraph">Jo sempre he estat participant en l’equip de Can Rafel i penso distanciar-me el màxim d’aquest circumstància, a l’hora de fer questa descripció, no se si seré capaç de que en la redacció, no se’m noti la meva vinculació a aquest equip</p>



<p class="wp-block-paragraph">El relat està organitzat per temporades, en cada una d’elles faig referència als tipus de competicions que hi vam fer, classificacions, material que he pogut conservar i anècdotes.</p>



<p class="wp-block-paragraph">En l’apartat de fotografies he posat algunes de les fotos del circuit. Durant la primera temporada, jo tan sols era el capità del Can Rafel, això explica que la major part d’aquelles fotos fossin d’aquest equip, de qualsevol manera podeu veure la totalitat de les fotos fetes al llarg d’aquests anys, consultant el web de la Associació que trobareu a aquest portal:</p>



<p class="has-text-align-center wp-block-paragraph">www.asep.cat</p>



<p class="wp-block-paragraph">Al final d’aquest enllaç hi ha una llista de tots els capitans que han participat en els Intercamps i també un resum dels guanyadors de totes les competicions que hem organitzar al llarg de totes aquestes temporades.</p>



<p class="wp-block-paragraph">Salut a tots, Josep</p>

<p>Aquest es un recull de fets guardats exclusivament en la meva memòria, es a dir, el que exposo es el que jo recordo i des del meu punt de vista. Es possible que algú dels participants tinguin altres records o punts de vista, es per això que sempre que he pogut, he fet us d’opinions [&hellip;]</p>
