{"id":16247,"date":"2026-04-28T17:22:07","date_gmt":"2026-04-28T15:22:07","guid":{"rendered":"https:\/\/www.asep.cat\/?page_id=16247"},"modified":"2026-04-29T08:23:28","modified_gmt":"2026-04-29T06:23:28","slug":"26-04-2026-resultats-final-intercamps-oest-mp-2a-divisio","status":"publish","type":"page","link":"https:\/\/www.asep.cat\/index.php\/26-04-2026-resultats-final-intercamps-oest-mp-2a-divisio\/","title":{"rendered":"28\/04\/2026 Resultats final Intercamps Oest MP 2a divisi\u00f3"},"content":{"rendered":"\n<p>No es podia demanar mes, ens ha fet un dia espl\u00e8ndid, sense vent, el camp perfecta, un bon dinar i una gran companyia!<\/p>\n\n\n\n<p>Aquesta vegada el lliurament dels xecs de 100\u20ac i 50\u20ac als guanyadors, els hem fet abans de dinar, ha anat la mar de be, d&#8217;aquesta manera una vegada hem anat acabant, cadasc\u00fa ha pogut marxat tan aviat com li ha semblat.<\/p>\n\n\n\n<p>En fi, parlem dels resultats, com sabeu els dos primers, arribaven empatats a 20,5 punts i els companys del <strong>CR Pened\u00e8s<\/strong> que han fet un ple de 6-0, aix\u00ed que s&#8217;han proclamat campions i han quedat com a subcampions els del <strong>Orfe\u00f3 Catal\u00f2nia<\/strong>.<\/p>\n\n\n\n<p>Baixaran a 3a divisi\u00f3 els equips de S\u00e8niors Ol\u00edmpic i El Vall\u00e8s 20<\/p>\n\n\n\n<p>En Josep Segura i jo hem fet unes fotos que podeu veure clicant <a href=\"https:\/\/www.asep.cat\/index.php\/2026\/04\/28\/26-04-2026-2a-divisio-a-bellpuig\/\">aqu\u00ed<\/a><\/p>\n\n\n\n<p>Els equips guanyadors<\/p>\n\n\n\n<figure class=\"wp-block-image size-full\"><img loading=\"lazy\" decoding=\"async\" width=\"850\" height=\"567\" src=\"https:\/\/www.asep.cat\/wp-content\/uploads\/2026\/04\/20260428_134829.jpg\" alt=\"\" class=\"wp-image-16257\" srcset=\"https:\/\/www.asep.cat\/wp-content\/uploads\/2026\/04\/20260428_134829.jpg 850w, https:\/\/www.asep.cat\/wp-content\/uploads\/2026\/04\/20260428_134829-300x200.jpg 300w, https:\/\/www.asep.cat\/wp-content\/uploads\/2026\/04\/20260428_134829-768x512.jpg 768w\" sizes=\"auto, (max-width: 850px) 100vw, 850px\" \/><\/figure>\n","protected":false},"excerpt":{"rendered":"<p>No es podia demanar mes, ens ha fet un dia espl\u00e8ndid, sense vent, el camp perfecta, un bon dinar i una gran companyia! Aquesta vegada el lliurament dels xecs de 100\u20ac i 50\u20ac als guanyadors, els hem fet abans de dinar, ha anat la mar de be, d&#8217;aquesta manera una vegada hem anat acabant, cadasc\u00fa [&hellip;]<\/p>\n","protected":false},"author":5,"featured_media":0,"parent":0,"menu_order":0,"comment_status":"closed","ping_status":"closed","template":"","meta":{"footnotes":""},"c2tw_page_folder":[7],"class_list":["post-16247","page","type-page","status-publish","hentry","c2tw_page_folder-noticies"],"_links":{"self":[{"href":"https:\/\/www.asep.cat\/index.php\/wp-json\/wp\/v2\/pages\/16247","targetHints":{"allow":["GET"]}}],"collection":[{"href":"https:\/\/www.asep.cat\/index.php\/wp-json\/wp\/v2\/pages"}],"about":[{"href":"https:\/\/www.asep.cat\/index.php\/wp-json\/wp\/v2\/types\/page"}],"author":[{"embeddable":true,"href":"https:\/\/www.asep.cat\/index.php\/wp-json\/wp\/v2\/users\/5"}],"replies":[{"embeddable":true,"href":"https:\/\/www.asep.cat\/index.php\/wp-json\/wp\/v2\/comments?post=16247"}],"version-history":[{"count":8,"href":"https:\/\/www.asep.cat\/index.php\/wp-json\/wp\/v2\/pages\/16247\/revisions"}],"predecessor-version":[{"id":16289,"href":"https:\/\/www.asep.cat\/index.php\/wp-json\/wp\/v2\/pages\/16247\/revisions\/16289"}],"wp:attachment":[{"href":"https:\/\/www.asep.cat\/index.php\/wp-json\/wp\/v2\/media?parent=16247"}],"wp:term":[{"taxonomy":"c2tw_page_folder","embeddable":true,"href":"https:\/\/www.asep.cat\/index.php\/wp-json\/wp\/v2\/c2tw_page_folder?post=16247"}],"curies":[{"name":"wp","href":"https:\/\/api.w.org\/{rel}","templated":true}]}}