{"id":1492,"date":"2025-11-18T21:16:00","date_gmt":"2025-11-18T20:16:00","guid":{"rendered":"https:\/\/www.asep.cat\/?page_id=1492"},"modified":"2026-03-10T21:21:37","modified_gmt":"2026-03-10T20:21:37","slug":"jugador-a-hernandez-hernandez-agustin","status":"publish","type":"page","link":"https:\/\/www.asep.cat\/index.php\/jugador-a-hernandez-hernandez-agustin\/","title":{"rendered":"Jugador\/a: Hern\u00e1ndez Hern\u00e1ndez, Agust\u00edn"},"content":{"rendered":"\n<figure class=\"wp-block-image size-large\"><img decoding=\"async\" src=\"https:\/\/www.asep.cat\/wp-content\/uploads\/2025\/11\/Hernandez-Hernandez-Agustin.jpg\" alt=\"\"\/><\/figure>\n\n\n\n<ul class=\"wp-block-list\">\n<li><strong>Llic\u00e8ncia:<\/strong> <a href=\"http:\/\/nova.pitch.cat\/handicap.php?lli=ACPP018389\">ACPP018389<\/a><\/li>\n\n\n\n<li><strong>Equip:<\/strong> Can Mascar\u00f3 B<\/li>\n\n\n\n<li><strong>Soci No:<\/strong> ASEP250804<\/li>\n<\/ul>\n\n\n\n<p><strong><em>Partits jugats aquesta temporada:<\/em><\/strong><\/p>\n\n\n\n<ol class=\"wp-block-list\">\n<li>30\/09\/25 J2 SP Cambrils<\/li>\n\n\n\n<li>14\/03\/25 J3 SP Can Rafel<\/li>\n\n\n\n<li>25\/11\/25 J2 MP Oller del Mas<\/li>\n\n\n\n<li>16\/12\/25 J5 SP EL Vall\u00e8s<\/li>\n\n\n\n<li>03\/02\/26 J6 SP Can Cuy\u00e0s<\/li>\n\n\n\n<li>10\/03\/26 J3 MP Can Cuy\u00e0s<\/li>\n<\/ol>\n","protected":false},"excerpt":{"rendered":"<p>Partits jugats aquesta temporada:<\/p>\n","protected":false},"author":1,"featured_media":0,"parent":0,"menu_order":0,"comment_status":"closed","ping_status":"closed","template":"","meta":{"footnotes":""},"c2tw_page_folder":[25],"class_list":["post-1492","page","type-page","status-publish","hentry","c2tw_page_folder-cm-b"],"_links":{"self":[{"href":"https:\/\/www.asep.cat\/index.php\/wp-json\/wp\/v2\/pages\/1492","targetHints":{"allow":["GET"]}}],"collection":[{"href":"https:\/\/www.asep.cat\/index.php\/wp-json\/wp\/v2\/pages"}],"about":[{"href":"https:\/\/www.asep.cat\/index.php\/wp-json\/wp\/v2\/types\/page"}],"author":[{"embeddable":true,"href":"https:\/\/www.asep.cat\/index.php\/wp-json\/wp\/v2\/users\/1"}],"replies":[{"embeddable":true,"href":"https:\/\/www.asep.cat\/index.php\/wp-json\/wp\/v2\/comments?post=1492"}],"version-history":[{"count":5,"href":"https:\/\/www.asep.cat\/index.php\/wp-json\/wp\/v2\/pages\/1492\/revisions"}],"predecessor-version":[{"id":15697,"href":"https:\/\/www.asep.cat\/index.php\/wp-json\/wp\/v2\/pages\/1492\/revisions\/15697"}],"wp:attachment":[{"href":"https:\/\/www.asep.cat\/index.php\/wp-json\/wp\/v2\/media?parent=1492"}],"wp:term":[{"taxonomy":"c2tw_page_folder","embeddable":true,"href":"https:\/\/www.asep.cat\/index.php\/wp-json\/wp\/v2\/c2tw_page_folder?post=1492"}],"curies":[{"name":"wp","href":"https:\/\/api.w.org\/{rel}","templated":true}]}}