{"id":14440,"date":"2026-01-05T12:45:21","date_gmt":"2026-01-05T11:45:21","guid":{"rendered":"https:\/\/www.asep.cat\/?page_id=14440"},"modified":"2026-01-14T12:23:56","modified_gmt":"2026-01-14T11:23:56","slug":"novetats-al-album-de-fotografies","status":"publish","type":"page","link":"https:\/\/www.asep.cat\/index.php\/noticies\/novetats-al-album-de-fotografies\/","title":{"rendered":"05\/01\/2026 Novetats al \u00e0lbum de fotografies"},"content":{"rendered":"\n<hr class=\"wp-block-separator has-alpha-channel-opacity\"\/>\n\n\n\n<p>Hola, ja estan les aproximadament 10.000 imatges penjades al nostre web!!<\/p>\n\n\n\n<p>Ha estat una feinada de xinos, per\u00f2 ha valgut la pena i en realitat m\u2019ho he passat la mar de be, recordant vells temps i especialment els tiberis que ens fotiem antigament, son verdaderament memorables, el del Vendrell del 31\/05\/2011, els de l\u2019Ampolla i d\u2019altres com els de Bellpuig, etc.<\/p>\n\n\n\n<p>Pot ser que els mes espectaculars, per els que vam anar, van ser els del viatge a Gal\u00edcia junt amb els companys del SEMAR, de l\u2019any 2010, en fi, que els temps han canviat un munt!<\/p>\n\n\n\n<p>Tamb\u00e9 m\u2019ha estat un especial recordatori, per els amics que en aquests 20 anys ens van acompanyat i que ja no hi son.<\/p>\n\n\n\n<p>Veureu que a \u201cVaris\u201d he penjat algunes de les festes de fi de temporada que v\u00e0rem fer els de Can Rafel, si en teniu de vostres i us agradaria que tamb\u00e9 hi fossin al nostre web, me les podeu passar i tamb\u00e9 els hi posar\u00e9.<\/p>\n\n\n\n<p>Trobareu l&#8217;\u00e0lbum a la dreta a &#8220;El que ja hem fet &gt; L&#8217;\u00e0lbum de fotografies&#8221;<\/p>\n\n\n\n<p>Salut a tots i bon any 2026!!<\/p>\n","protected":false},"excerpt":{"rendered":"<p>Hola, ja estan les aproximadament 10.000 imatges penjades al nostre web!! Ha estat una feinada de xinos, per\u00f2 ha valgut la pena i en realitat m\u2019ho he passat la mar de be, recordant vells temps i especialment els tiberis que ens fotiem antigament, son verdaderament memorables, el del Vendrell del 31\/05\/2011, els de l\u2019Ampolla i [&hellip;]<\/p>\n","protected":false},"author":5,"featured_media":0,"parent":16,"menu_order":0,"comment_status":"closed","ping_status":"closed","template":"","meta":{"footnotes":""},"c2tw_page_folder":[7],"class_list":["post-14440","page","type-page","status-publish","hentry","c2tw_page_folder-noticies"],"_links":{"self":[{"href":"https:\/\/www.asep.cat\/index.php\/wp-json\/wp\/v2\/pages\/14440","targetHints":{"allow":["GET"]}}],"collection":[{"href":"https:\/\/www.asep.cat\/index.php\/wp-json\/wp\/v2\/pages"}],"about":[{"href":"https:\/\/www.asep.cat\/index.php\/wp-json\/wp\/v2\/types\/page"}],"author":[{"embeddable":true,"href":"https:\/\/www.asep.cat\/index.php\/wp-json\/wp\/v2\/users\/5"}],"replies":[{"embeddable":true,"href":"https:\/\/www.asep.cat\/index.php\/wp-json\/wp\/v2\/comments?post=14440"}],"version-history":[{"count":3,"href":"https:\/\/www.asep.cat\/index.php\/wp-json\/wp\/v2\/pages\/14440\/revisions"}],"predecessor-version":[{"id":14560,"href":"https:\/\/www.asep.cat\/index.php\/wp-json\/wp\/v2\/pages\/14440\/revisions\/14560"}],"up":[{"embeddable":true,"href":"https:\/\/www.asep.cat\/index.php\/wp-json\/wp\/v2\/pages\/16"}],"wp:attachment":[{"href":"https:\/\/www.asep.cat\/index.php\/wp-json\/wp\/v2\/media?parent=14440"}],"wp:term":[{"taxonomy":"c2tw_page_folder","embeddable":true,"href":"https:\/\/www.asep.cat\/index.php\/wp-json\/wp\/v2\/c2tw_page_folder?post=14440"}],"curies":[{"name":"wp","href":"https:\/\/api.w.org\/{rel}","templated":true}]}}